{"id":14094,"date":"2023-08-03T03:17:09","date_gmt":"2023-08-03T03:17:09","guid":{"rendered":"https:\/\/course.oeru.org\/lida103-fr\/?page_id=14094"},"modified":"2023-08-03T03:17:09","modified_gmt":"2023-08-03T03:17:09","slug":"clause-de-non-responsabilite","status":"publish","type":"page","link":"https:\/\/course.oeru.org\/lida103-fr\/guide-du-cours\/clause-de-non-responsabilite\/","title":{"rendered":"Clause de non-responsabilit\u00e9"},"content":{"rendered":"<div id=\"content\" class=\"mw-body container\" role=\"main\">\n<div class=\"row\">\n<div class=\"col-md-12\">\n<div class=\"panel\">\n<div class=\"panel-body\">\n<div id=\"bodyContent\">\n<div id=\"mw-content-text\" lang=\"en\" dir=\"ltr\" class=\"mw-content-ltr\">\n<p>L&rsquo;OERF, l&rsquo;ICDE et l&rsquo;UNESCO ne garantissent pas la v\u00e9racit\u00e9 ou l\u2019int\u00e9gralit\u00e9 des informations, documents et mat\u00e9riels contenus sur ce site Web, d\u00e9clinent toute responsabilit\u00e9 quant \u00e0 de potentiels dommages dus \u00e0 leur utilisation et ne se portent pas garants des services d&rsquo;\u00e9valuation offerts par les fournisseurs de ce cours, quels qu\u2019ils soient. Les opinions contenues dans les supports de ce cours ne refl\u00e8tent pas n\u00e9cessairement celles de l&rsquo;ICDE ou de l&rsquo;UNESCO.\n<\/p>\n<p>Les d\u00e9signations employ\u00e9es et la pr\u00e9sentation du mat\u00e9riel tout au long de ce site Web ne refl\u00e8tent en aucun cas l\u2019opinion de l&rsquo;UNESCO concernant le statut juridique de pays, territoires, ou villes, quels qu\u2019ils soient et m\u00eame en partie. Elles ne refl\u00e8tent pas non plus l&rsquo;opinion de l&rsquo;UNESCO concernant le statut juridique de leurs autorit\u00e9s ou de la d\u00e9limitation de leurs fronti\u00e8res ou limites.\n<\/p>\n<p>Les auteurs assument la responsabilit\u00e9 du choix et de la pr\u00e9sentation des faits contenus sur le site de ce cours et des opinions qui y sont exprim\u00e9es, qui ne sont pas n\u00e9cessairement celles de l&rsquo;UNESCO, de l&rsquo;OERF ou de l&rsquo;ICDE et n&rsquo;engagent en aucun cas ces organisations.\n<\/p>\n<p>(En cas de doute, la <a rel=\"nofollow\" class=\"external text\" href=\"https:\/\/course.oeru.org\/lida103\/course-guide\/disclaimer\/\">version anglaise<\/a> de cette clause de non-responsabilit\u00e9 pr\u00e9vaut.)\n<\/p>\n<p><!-- \nNewPP limit report\nCPU time usage: 0.002 seconds\nReal time usage: 0.002 seconds\nPreprocessor visited node count: 1\/1000000\nPreprocessor generated node count: 4\/1000000\nPost\u2010expand include size: 0\/2097152 bytes\nTemplate argument size: 0\/2097152 bytes\nHighest expansion depth: 1\/40\nExpensive parser function count: 0\/100\n--><\/p>\n<p><!-- Saved in parser cache with key we_en-mw_:pcache:idhash:188511-0!*!*!*!*!*!* and timestamp 20230802104117 and revision id 1086229\n -->\n<\/div>\n<div class=\"visualClear\"><\/div>\n<\/p><\/div>\n<\/p><\/div>\n<\/div>\n<\/div>\n<\/div>\n<div class=\"row\">\n<div class=\"col-md-12\">\n<ul class=\"pager\">\n<li class=\"previous\">\n            <a href=\"\/lida103-fr\/guide-du-cours\/sources\">\u2190 Pr\u00e9c\u00e9dent<\/a>\n          <\/li>\n<li class=\"next\">\n            <a href=\"\/lida103-fr\/communications\/annonces-du-cours\">Suivant \u2192<\/a>\n          <\/li>\n<\/ul><\/div>\n<\/p><\/div>\n<div id=\"wenote-ids\"><script type='text\/javascript' id='wenotes-ids'>\n    var WEnotesSite = \"https:\/\/wikieducator.org\";\n    var WEnotesPath = \"\/Learning_in_a_digital_age\/LiDA103_fr\/Disclaimer\";\n    var WEnotesSiteID = \"0e3d258fbd36841f92259eefcd41d5e9\";\n    var WEnotesPathID = \"0eebdec36c03560927748b03c339888e\";\n    var WEnotesIDs = { site: \"https:\/\/wikieducator.org\", path: \"\/Learning_in_a_digital_age\/LiDA103_fr\/Disclaimer\", site_id: \"0e3d258fbd36841f92259eefcd41d5e9\", path_id: \"0eebdec36c03560927748b03c339888e\" };\n<\/script><\/div>\n<\/div>\n<footer><\/footer>\n","protected":false},"excerpt":{"rendered":"<p>L&rsquo;OERF, l&rsquo;ICDE et l&rsquo;UNESCO ne garantissent pas la v\u00e9racit\u00e9 ou l\u2019int\u00e9gralit\u00e9 des informations, documents et mat\u00e9riels contenus sur ce site Web, d\u00e9clinent toute responsabilit\u00e9 quant \u00e0 de potentiels dommages dus \u00e0 leur utilisation et ne se portent pas garants des services d&rsquo;\u00e9valuation offerts par les fournisseurs de ce cours, quels qu\u2019ils soient. Les opinions contenues [&hellip;]<\/p>\n","protected":false},"author":1,"featured_media":0,"parent":14076,"menu_order":0,"comment_status":"closed","ping_status":"closed","template":"","meta":{"footnotes":""},"class_list":["post-14094","page","type-page","status-publish","hentry"],"_links":{"self":[{"href":"https:\/\/course.oeru.org\/lida103-fr\/wp-json\/wp\/v2\/pages\/14094","targetHints":{"allow":["GET"]}}],"collection":[{"href":"https:\/\/course.oeru.org\/lida103-fr\/wp-json\/wp\/v2\/pages"}],"about":[{"href":"https:\/\/course.oeru.org\/lida103-fr\/wp-json\/wp\/v2\/types\/page"}],"author":[{"embeddable":true,"href":"https:\/\/course.oeru.org\/lida103-fr\/wp-json\/wp\/v2\/users\/1"}],"replies":[{"embeddable":true,"href":"https:\/\/course.oeru.org\/lida103-fr\/wp-json\/wp\/v2\/comments?post=14094"}],"version-history":[{"count":1,"href":"https:\/\/course.oeru.org\/lida103-fr\/wp-json\/wp\/v2\/pages\/14094\/revisions"}],"predecessor-version":[{"id":14095,"href":"https:\/\/course.oeru.org\/lida103-fr\/wp-json\/wp\/v2\/pages\/14094\/revisions\/14095"}],"up":[{"embeddable":true,"href":"https:\/\/course.oeru.org\/lida103-fr\/wp-json\/wp\/v2\/pages\/14076"}],"wp:attachment":[{"href":"https:\/\/course.oeru.org\/lida103-fr\/wp-json\/wp\/v2\/media?parent=14094"}],"curies":[{"name":"wp","href":"https:\/\/api.w.org\/{rel}","templated":true}]}}