{"id":14098,"date":"2023-08-03T03:17:13","date_gmt":"2023-08-03T03:17:13","guid":{"rendered":"https:\/\/course.oeru.org\/lida103-fr\/?page_id=14098"},"modified":"2023-08-03T03:17:13","modified_gmt":"2023-08-03T03:17:13","slug":"annonces-du-cours","status":"publish","type":"page","link":"https:\/\/course.oeru.org\/lida103-fr\/communications\/annonces-du-cours\/","title":{"rendered":"Annonces du cours"},"content":{"rendered":"<div id=\"content\" class=\"mw-body container\" role=\"main\">\n<div class=\"row\">\n<div class=\"col-md-12\">\n<div class=\"panel\">\n<div class=\"panel-body\">\n<div id=\"bodyContent\">\n<div id=\"mw-content-text\" lang=\"en\" dir=\"ltr\" class=\"mw-content-ltr\">\n<div class=\"floatright\"><a href=\"https:\/\/wikieducator.org\/File:Megaphone-announcements.jpg\" class=\"image\"><img loading=\"lazy\" decoding=\"async\" alt=\"Megaphone-announcements.jpg\" src=\"\/\/wikieducator.org\/images\/thumb\/2\/2c\/Megaphone-announcements.jpg\/320px-Megaphone-announcements.jpg\" width=\"320\" height=\"180\" class=\"img-responsive\"><\/a><\/div>\n<p><!-- WEtheme eyJwIjoiT0VSZiIsImNzcyI6ImNzc1wvZm9udC1hd2Vzb21lXC9jc3NcL2ZvbnQtYXdlc29tZS5taW4uY3NzIiwiaGVhZGVyIjoiYmx1ci5odG1sIn0= -->Dans cette partie, vous trouverez une copie des consignes envoy\u00e9es par courriel et des explications sur le fonctionnement des annonces concernant le cours.<br style=\"clear:both;\"><\/p>\n<p>S\u2019agissant d\u2019un cours ouvert, l\u2019inscription sur le site Web du cours n\u2019est pas obligatoire et tous les supports p\u00e9dagogiques sont disponibles en libre acc\u00e8s sur Internet, sans qu\u2019il soit demand\u00e9 de mot de passe. Nous fournissons \u00e9galement un acc\u00e8s libre \u00e0 toutes les annonces envoy\u00e9es aux apprenants qui ont choisi de recevoir les consignes de cours par courriel.\n<\/p>\n<h2><span class=\"mw-headline\" id=\"O.C3.B9_puis-je_acc.C3.A9der_aux_consignes_pour_ce_cours_.3F\">O\u00f9 puis-je acc\u00e9der aux consignes pour ce cours&nbsp;?<\/span><\/h2>\n<p>Voici la liste des liens vers les consignes envoy\u00e9es aux apprenants ayant opt\u00e9 pour la communication par courriel&nbsp;:\n<\/p>\n<table class=\"oeru1 table table-striped\">\n<tbody>\n<tr>\n<th>S\u00e9ance\n<\/th>\n<th>Courriel\n<\/th>\n<\/tr>\n<tr>\n<td>Avant de commencer\n<\/td>\n<td><a rel=\"nofollow\" class=\"external text\" href=\"https:\/\/mautic.oeru.org\/email\/preview\/480\">Pr\u00e9sentation du cours<\/a>\n<\/td>\n<\/tr>\n<tr>\n<td>S\u00e9ance 0\n<\/td>\n<td><a rel=\"nofollow\" class=\"external text\" href=\"https:\/\/mautic.oeru.org\/email\/preview\/481\">Premiers pas<\/a>\n<\/td>\n<\/tr>\n<tr>\n<td>S\u00e9ance 1\n<\/td>\n<td><a rel=\"nofollow\" class=\"external text\" href=\"https:\/\/mautic.oeru.org\/email\/preview\/482\">Importance du libre acc\u00e8s<\/a>\n<\/td>\n<\/tr>\n<tr>\n<td>S\u00e9ance 2\n<\/td>\n<td><a rel=\"nofollow\" class=\"external text\" href=\"https:\/\/mautic.oeru.org\/email\/preview\/483\">Comment d\u00e9finer les ressources \u00e9ducatives libres<\/a>\n<\/td>\n<\/tr>\n<tr>\n<td>S\u00e9ance 3\n<\/td>\n<td><a rel=\"nofollow\" class=\"external text\" href=\"https:\/\/mautic.oeru.org\/email\/preview\/484\">Droit d\u2019auteur et cas pratique<\/a>\n<\/td>\n<\/tr>\n<tr>\n<td>S\u00e9ance 4\n<\/td>\n<td><a rel=\"nofollow\" class=\"external text\" href=\"https:\/\/mautic.oeru.org\/email\/preview\/485\">Licences Creative Commons et jeu \u00ab&nbsp;Compatibles ou non&nbsp;?&nbsp;\u00bb<\/a>\n<\/td>\n<\/tr>\n<tr>\n<td>S\u00e9ance 5\n<\/td>\n<td><a rel=\"nofollow\" class=\"external text\" href=\"https:\/\/mautic.oeru.org\/email\/preview\/486\">Dimensions du libre acc\u00e8s<\/a>\n<\/td>\n<\/tr>\n<tr>\n<td>\u00c9valuation\n<\/td>\n<td><a rel=\"nofollow\" class=\"external text\" href=\"https:\/\/mautic.oeru.org\/email\/preview\/487\">Options d&rsquo;\u00e9valuation<\/a>\n<\/td>\n<\/tr>\n<tr>\n<td>Conclusion\n<\/td>\n<td><a rel=\"nofollow\" class=\"external text\" href=\"https:\/\/mautic.oeru.org\/email\/preview\/488\">Conclusion<\/a>\n<\/td>\n<\/tr>\n<\/tbody>\n<\/table>\n<h2><span class=\"mw-headline\" id=\"Comment_puis-je_recevoir_les_consignes_par_courriel_.3F\">Comment puis-je recevoir les consignes par courriel&nbsp;?<\/span><\/h2>\n<p>Les apprenants de l\u2019OERu peuvent opter pour deux types d\u2019envoi des consignes par courriel&nbsp;:\n<\/p>\n<ol>\n<li> soit en s\u2019inscrivant sur le site du cours&nbsp;;\n<\/li>\n<li> soit en envoyant une demande d\u2019inscription depuis le <a rel=\"nofollow\" class=\"external text\" href=\"https:\/\/oeru.org\/courses\/\">site Web OERu.org<\/a> ou depuis une page de renvoi sp\u00e9cifique h\u00e9berg\u00e9e par l\u2019OERu.\n<\/li>\n<\/ol>\n<p>Pour vous inscrire sur le site Web de ce cours et recevoir automatiquement les annonces du cours par courriel, cliquez sur \u00ab&nbsp;S\u2019identifier\/S\u2019inscrire&nbsp;\u00bb en haut de la page (ou sur le logo <i class=\"fa fa-user\"><\/i> si vous vous connectez depuis votre t\u00e9l\u00e9phone). Si vous n\u2019y avez pas d\u00e9j\u00e0 souscrit, il vous sera \u00e9galement propos\u00e9 de vous abonner au bulletin d\u2019information de l\u2019OERu, qui diffuse des informations sur les nouveaux cours disponibles.\n<\/p>\n<p>Pour plus d\u2019informations sur les modalit\u00e9s de cr\u00e9ation d\u2019un compte ou d\u2019inscription \u00e0 un cours de l\u2019OERu, rendez-vous sur notre <a rel=\"nofollow\" class=\"external text\" href=\"https:\/\/translate.google.com\/translate?sl=en&amp;tl=fr&amp;u=https:\/\/course.oeru.org\/support\/oeru-orientation\/enrolling-for-a-course\/\">page d\u2019aide<\/a> (traduit par \u00ab&nbsp;Google Traduction&nbsp;\u00bb).\n<\/p>\n<h2><span class=\"mw-headline\" id=\".C3.80_quelle_fr.C3.A9quence_sont_programm.C3.A9s_les_envois_de_courriels_.3F\">\u00c0 quelle fr\u00e9quence sont programm\u00e9s les envois de courriels&nbsp;?<\/span><\/h2>\n<p>Les cours de l\u2019OERu sont con\u00e7us pour que les apprenants puissent travailler en autonomie. Vous pouvez vous lancer \u00e0 n\u2019importe quel moment et travailler \u00e0 votre rythme. Les consignes des cours sont g\u00e9n\u00e9ralement pr\u00e9vues pour des p\u00e9riodes de travail d\u2019une dur\u00e9e de deux semaines et nous conseillons aux apprenants de consacrer environ 2 heures par jour ouvrable \u00e0 l\u2019\u00e9tude, ce qui correspond une dizaine d\u2019heures par semaine.\n<\/p>\n<p>Pour chaque s\u00e9ance du cours, les courriels pr\u00e9sentant les consignes sont programm\u00e9s automatiquement en fonction du nombre de jours ouvrables estim\u00e9s pour effectuer les activit\u00e9s demand\u00e9es. Ne vous inqui\u00e9tez pas si vous prenez du retard en raison de vos engagements personnels ou de changements dans votre situation. Les supports des cours de l\u2019OERu restent en libre acc\u00e8s aussi longtemps que n\u00e9cessaire et vous pouvez \u00e0 tout moment consulter toutes les annonces du cours sur le site.\n<\/p>\n<h2><span class=\"mw-headline\" id=\"Puis-je_me_d.C3.A9sinscrire_de_la_liste_de_diffusion_.3F\">Puis-je me d\u00e9sinscrire de la liste de diffusion&nbsp;?<\/span><\/h2>\n<p>Oui, vous pouvez vous d\u00e9sinscrire de la liste de diffusion des annonces du cours, du bulletin d\u2019information et de toutes autres communications de l\u2019OERu.\n<\/p>\n<p>Au bas de chaque courriel envoy\u00e9 par l\u2019OERu, vous trouverez un lien de d\u00e9sinscription. Cliquez sur ce lien pour acc\u00e9der aux pr\u00e9f\u00e9rences et personnaliser votre inscription aux diff\u00e9rentes listes de diffusion.\n<\/p>\n<p><!-- \nNewPP limit report\nCPU time usage: 0.020 seconds\nReal time usage: 0.024 seconds\nPreprocessor visited node count: 17\/1000000\nPreprocessor generated node count: 62\/1000000\nPost\u2010expand include size: 4468\/2097152 bytes\nTemplate argument size: 0\/2097152 bytes\nHighest expansion depth: 2\/40\nExpensive parser function count: 0\/100\n--><\/p>\n<p><!-- Saved in parser cache with key we_en-mw_:pcache:idhash:188453-0!*!*!!en!2!* and timestamp 20230802220721 and revision id 1091018\n -->\n<\/div>\n<div class=\"visualClear\"><\/div>\n<\/p><\/div>\n<\/p><\/div>\n<\/div>\n<\/div>\n<\/div>\n<div class=\"row\">\n<div class=\"col-md-12\">\n<ul class=\"pager\">\n<li class=\"previous\">\n            <a href=\"\/lida103-fr\/guide-du-cours\/clause-de-non-responsabilite\">\u2190 Pr\u00e9c\u00e9dent<\/a>\n          <\/li>\n<li class=\"next\">\n            <a href=\"\/lida103-fr\/communications\/fil-dactualite-du-cours\">Suivant \u2192<\/a>\n          <\/li>\n<\/ul><\/div>\n<\/p><\/div>\n<div id=\"wenote-ids\"><script type='text\/javascript' id='wenotes-ids'>\n    var WEnotesSite = \"https:\/\/wikieducator.org\";\n    var WEnotesPath = \"\/Learning_in_a_digital_age\/LiDA103_fr\/How_announcements_work\";\n    var WEnotesSiteID = \"0e3d258fbd36841f92259eefcd41d5e9\";\n    var WEnotesPathID = \"9d3bc1344f8d46f0e6a2e8585ed962d3\";\n    var WEnotesIDs = { site: \"https:\/\/wikieducator.org\", path: \"\/Learning_in_a_digital_age\/LiDA103_fr\/How_announcements_work\", site_id: \"0e3d258fbd36841f92259eefcd41d5e9\", path_id: \"9d3bc1344f8d46f0e6a2e8585ed962d3\" };\n<\/script><\/div>\n<\/div>\n<footer><\/footer>\n","protected":false},"excerpt":{"rendered":"<p>Dans cette partie, vous trouverez une copie des consignes envoy\u00e9es par courriel et des explications sur le fonctionnement des annonces concernant le cours. S\u2019agissant d\u2019un cours ouvert, l\u2019inscription sur le site Web du cours n\u2019est pas obligatoire et tous les supports p\u00e9dagogiques sont disponibles en libre acc\u00e8s sur Internet, sans qu\u2019il soit demand\u00e9 de mot [&hellip;]<\/p>\n","protected":false},"author":1,"featured_media":0,"parent":14096,"menu_order":0,"comment_status":"closed","ping_status":"closed","template":"","meta":{"footnotes":""},"class_list":["post-14098","page","type-page","status-publish","hentry"],"_links":{"self":[{"href":"https:\/\/course.oeru.org\/lida103-fr\/wp-json\/wp\/v2\/pages\/14098","targetHints":{"allow":["GET"]}}],"collection":[{"href":"https:\/\/course.oeru.org\/lida103-fr\/wp-json\/wp\/v2\/pages"}],"about":[{"href":"https:\/\/course.oeru.org\/lida103-fr\/wp-json\/wp\/v2\/types\/page"}],"author":[{"embeddable":true,"href":"https:\/\/course.oeru.org\/lida103-fr\/wp-json\/wp\/v2\/users\/1"}],"replies":[{"embeddable":true,"href":"https:\/\/course.oeru.org\/lida103-fr\/wp-json\/wp\/v2\/comments?post=14098"}],"version-history":[{"count":1,"href":"https:\/\/course.oeru.org\/lida103-fr\/wp-json\/wp\/v2\/pages\/14098\/revisions"}],"predecessor-version":[{"id":14099,"href":"https:\/\/course.oeru.org\/lida103-fr\/wp-json\/wp\/v2\/pages\/14098\/revisions\/14099"}],"up":[{"embeddable":true,"href":"https:\/\/course.oeru.org\/lida103-fr\/wp-json\/wp\/v2\/pages\/14096"}],"wp:attachment":[{"href":"https:\/\/course.oeru.org\/lida103-fr\/wp-json\/wp\/v2\/media?parent=14098"}],"curies":[{"name":"wp","href":"https:\/\/api.w.org\/{rel}","templated":true}]}}