{"id":14154,"date":"2023-08-03T03:18:09","date_gmt":"2023-08-03T03:18:09","guid":{"rendered":"https:\/\/course.oeru.org\/lida103-fr\/?page_id=14154"},"modified":"2023-08-03T03:18:09","modified_gmt":"2023-08-03T03:18:09","slug":"lancez-vous-defi-enjeux-des-rel","status":"publish","type":"page","link":"https:\/\/course.oeru.org\/lida103-fr\/modules\/comment-definir-les-rel\/lancez-vous-defi-enjeux-des-rel\/","title":{"rendered":"Lancez-vous \u2013 D\u00e9fi \u00ab Enjeux des REL \u00bb"},"content":{"rendered":"<div id=\"content\" class=\"mw-body container\" role=\"main\">\n<div class=\"row\">\n<div class=\"col-md-12\">\n<div class=\"panel\">\n<div class=\"panel-body\">\n<div id=\"bodyContent\">\n<div id=\"mw-content-text\" lang=\"en\" dir=\"ltr\" class=\"mw-content-ltr\"><div class=\"panel iDevice\">\n\t<div class=\"panel-heading idevice-heading\">\n\t\t<div>\n\t\t\t<img decoding=\"async\" class=\"pedagogicalicon\" alt=\"summary\" src=\"https:\/\/course.oeru.org\/lida103-fr\/wp-content\/themes\/oeru-course\/idevices\/Icon_summary.png\">\n\t\t<\/div>\n\t\t<div>\n\t\t\t<h2>Principe du d\u00e9fi<\/h2>\n\t\t<\/div>\n\t<\/div>\n\t<div class=\"panel-body\">\n\t\t<div class=\"col-md-12\">\n\t\t\t<\/p>\n<table>\n<tbody>\n<tr>\n<td width=\"100px\"><b>Principe<\/b>:<\/td>\n<td>\u00c9valuer les principaux enjeux des REL pour l\u2019apprentissage \u00e0 l\u2019\u00e8re du num\u00e9rique en s\u2019appuyant sur les derni\u00e8res recherches.<\/td>\n<\/tr>\n<tr>\n<td>\n<div class=\"floatleft\"><a href=\"https:\/\/wikieducator.org\/File:Time7.svg\" class=\"image\"><img loading=\"lazy\" decoding=\"async\" alt=\"Time7.svg\" src=\"\/\/wikieducator.org\/images\/thumb\/8\/88\/Time7.svg\/30px-Time7.svg.png\" width=\"30\" height=\"30\" class=\"img-responsive\"><\/a><\/div>\n<\/td>\n<td>30 \u00e0 40 minutes<\/td>\n<\/tr>\n<\/tbody>\n<\/table>\n<p>\n<\/p>\n<p>\n\t\t<\/div>\n\t<\/div>\n<\/div><\/p>\n<p>\n<\/p>\n<h2><span class=\"mw-headline\" id=\"Commencez_ici\">Commencez ici<\/span><\/h2>\n<div class=\"panel iDevice\">\n\t<div class=\"panel-heading idevice-heading\">\n\t\t<div>\n\t\t\t<img decoding=\"async\" class=\"pedagogicalicon\" alt=\"web resources\" src=\"https:\/\/course.oeru.org\/lida103-fr\/wp-content\/themes\/oeru-course\/idevices\/Icon_inter.png\">\n\t\t<\/div>\n\t\t<div>\n\t\t\t<h2>Ressources pour vous inspirer<\/h2>\n\t\t<\/div>\n\t<\/div>\n\t<div class=\"panel-body\">\n\t\t<div class=\"col-md-12\">\n\t\t\t<\/p>\n<ul>\n<li>  <a rel=\"nofollow\" class=\"external text\" href=\"https:\/\/www.oerknowledgecloud.org\/\">The OER Knowledge Cloud<\/a> (en anglais seulement)\n<\/li>\n<li> <b>S\u00e9lection de travaux de recherche sur les REL<\/b>\n<ol>\n<li> Jhangiani, R. S., et Biswas-Diener, R. (sous la direction de). (2017). <a rel=\"nofollow\" class=\"external text\" href=\"https:\/\/www.ubiquitypress.com\/site\/books\/e\/10.5334\/bbc\/\">Open: The philosophy and practices that are revolutionizing education and science<\/a>. Ubiquity Press (en anglais seulement).\n<\/li>\n<li> Hilton III, J. (sous la direction de). (2017). <a rel=\"nofollow\" class=\"external text\" href=\"http:\/\/www.irrodl.org\/index.php\/irrodl\/issue\/view\/85\">Num\u00e9ro sp\u00e9cial&nbsp;: Outcomes of Openness: Empirical Reports on the Implementation of OER<\/a>. The International Review of Research in Open and Distributed Learning, vol. 18, no 4 (2017) (en anglais seulement).\n<\/li>\n<li> McGreal, R. (sous la direction de). (2015). <a rel=\"nofollow\" class=\"external text\" href=\"http:\/\/www.irrodl.org\/index.php\/irrodl\/issue\/view\/71\">Num\u00e9ro sp\u00e9cial&nbsp;: OER and MOOCs<\/a>. The International Review of Research in Open and Distributed Learning, vol. 16, no 5 (en anglais seulement).\n<\/li>\n<li> McGreal, R., Kinuthia, W., Marshall, S. et McNamara, T. (sous la direction de). (2013). <a rel=\"nofollow\" class=\"external text\" href=\"http:\/\/oasis.col.org\/handle\/11599\/486\">Open Educational Resources: Innovation, Research and Practice<\/a>. Commonwealth of Learning (COL) (en anglais seulement).\n<\/li>\n<\/ol>\n<\/li>\n<\/ul>\n<p>\n<\/p>\n<p>\n\t\t<\/div>\n\t<\/div>\n<\/div>\n<p>\n<\/p>\n<div class=\"panel iDevice\">\n\t<div class=\"panel-heading idevice-heading\">\n\t\t<div>\n\t\t\t<img decoding=\"async\" class=\"pedagogicalicon\" alt=\"objectives\" src=\"https:\/\/course.oeru.org\/lida103-fr\/wp-content\/themes\/oeru-course\/idevices\/Icon_objectives.png\">\n\t\t<\/div>\n\t\t<div>\n\t\t\t<h2>Objectif<\/h2>\n\t\t<\/div>\n\t<\/div>\n\t<div class=\"panel-body\">\n\t\t<div class=\"col-md-12\">\n\t\t\t<\/p>\n<p>L\u2019objectif de ce d\u00e9fi p\u00e9dagogique est de s\u00e9lectionner UNE publication r\u00e9cente de votre choix sur les REL et de pr\u00e9ciser quels sont les principaux enjeux des REL \u00e0 l\u2019\u00e8re du num\u00e9rique.\n<\/p>\n<p>\n<\/p>\n<p>\n\t\t<\/div>\n\t<\/div>\n<\/div>\n<p><!-- \nNewPP limit report\nCPU time usage: 0.034 seconds\nReal time usage: 0.037 seconds\nPreprocessor visited node count: 368\/1000000\nPreprocessor generated node count: 1157\/1000000\nPost\u2010expand include size: 9134\/2097152 bytes\nTemplate argument size: 3892\/2097152 bytes\nHighest expansion depth: 8\/40\nExpensive parser function count: 0\/100\n--><\/p>\n<p><!-- Saved in parser cache with key we_en-mw_:pcache:idhash:188432-0!*!*!*!*!2!* and timestamp 20230802220730 and revision id 1085996\n -->\n<\/div>\n<div class=\"visualClear\"><\/div>\n<\/p><\/div>\n<\/p><\/div>\n<\/div>\n<\/div>\n<\/div>\n<div class=\"row\">\n<div class=\"col-md-12\">\n<ul class=\"pager\">\n<li class=\"previous\">\n            <a href=\"\/lida103-fr\/modules\/comment-definir-les-rel\/resume\">\u2190 Pr\u00e9c\u00e9dent<\/a>\n          <\/li>\n<li class=\"next\">\n            <a href=\"\/lida103-fr\/modules\/comment-definir-les-rel\/exercices-defi-enjeux-des-rel-\">Suivant \u2192<\/a>\n          <\/li>\n<\/ul><\/div>\n<\/p><\/div>\n<div id=\"wenote-ids\"><script type='text\/javascript' id='wenotes-ids'>\n    var WEnotesSite = \"https:\/\/wikieducator.org\";\n    var WEnotesPath = \"\/Learning_in_a_digital_age\/LiDA103_fr\/Defining_OER\/Start_implications_of_OER\";\n    var WEnotesSiteID = \"0e3d258fbd36841f92259eefcd41d5e9\";\n    var WEnotesPathID = \"d93843bcac689ff83e2a267276cba815\";\n    var WEnotesIDs = { site: \"https:\/\/wikieducator.org\", path: \"\/Learning_in_a_digital_age\/LiDA103_fr\/Defining_OER\/Start_implications_of_OER\", site_id: \"0e3d258fbd36841f92259eefcd41d5e9\", path_id: \"d93843bcac689ff83e2a267276cba815\" };\n<\/script><\/div>\n<\/div>\n<footer><\/footer>\n","protected":false},"excerpt":{"rendered":"<p>Commencez ici \u2190 Pr\u00e9c\u00e9dent Suivant \u2192<\/p>\n","protected":false},"author":1,"featured_media":0,"parent":14138,"menu_order":0,"comment_status":"closed","ping_status":"closed","template":"","meta":{"footnotes":""},"class_list":["post-14154","page","type-page","status-publish","hentry"],"_links":{"self":[{"href":"https:\/\/course.oeru.org\/lida103-fr\/wp-json\/wp\/v2\/pages\/14154","targetHints":{"allow":["GET"]}}],"collection":[{"href":"https:\/\/course.oeru.org\/lida103-fr\/wp-json\/wp\/v2\/pages"}],"about":[{"href":"https:\/\/course.oeru.org\/lida103-fr\/wp-json\/wp\/v2\/types\/page"}],"author":[{"embeddable":true,"href":"https:\/\/course.oeru.org\/lida103-fr\/wp-json\/wp\/v2\/users\/1"}],"replies":[{"embeddable":true,"href":"https:\/\/course.oeru.org\/lida103-fr\/wp-json\/wp\/v2\/comments?post=14154"}],"version-history":[{"count":1,"href":"https:\/\/course.oeru.org\/lida103-fr\/wp-json\/wp\/v2\/pages\/14154\/revisions"}],"predecessor-version":[{"id":14155,"href":"https:\/\/course.oeru.org\/lida103-fr\/wp-json\/wp\/v2\/pages\/14154\/revisions\/14155"}],"up":[{"embeddable":true,"href":"https:\/\/course.oeru.org\/lida103-fr\/wp-json\/wp\/v2\/pages\/14138"}],"wp:attachment":[{"href":"https:\/\/course.oeru.org\/lida103-fr\/wp-json\/wp\/v2\/media?parent=14154"}],"curies":[{"name":"wp","href":"https:\/\/api.w.org\/{rel}","templated":true}]}}