{"id":14204,"date":"2023-08-03T03:19:04","date_gmt":"2023-08-03T03:19:04","guid":{"rendered":"https:\/\/course.oeru.org\/lida103-fr\/?page_id=14204"},"modified":"2023-08-03T03:19:04","modified_gmt":"2023-08-03T03:19:04","slug":"lancez-vous-defi-qcm-sur-le-droit-dauteur","status":"publish","type":"page","link":"https:\/\/course.oeru.org\/lida103-fr\/modules\/cas-pratique-sur-le-droit-dauteur\/lancez-vous-defi-qcm-sur-le-droit-dauteur\/","title":{"rendered":"Lancez-vous \u2013 D\u00e9fi QCM sur le droit d\u2019auteur"},"content":{"rendered":"<div id=\"content\" class=\"mw-body container\" role=\"main\">\n<div class=\"row\">\n<div class=\"col-md-12\">\n<div class=\"panel\">\n<div class=\"panel-body\">\n<div id=\"bodyContent\">\n<div id=\"mw-content-text\" lang=\"en\" dir=\"ltr\" class=\"mw-content-ltr\"><div class=\"panel iDevice\">\n\t<div class=\"panel-heading idevice-heading\">\n\t\t<div>\n\t\t\t<img decoding=\"async\" class=\"pedagogicalicon\" alt=\"summary\" src=\"https:\/\/course.oeru.org\/lida103-fr\/wp-content\/themes\/oeru-course\/idevices\/Icon_summary.png\">\n\t\t<\/div>\n\t\t<div>\n\t\t\t<h2>D\u00e9fi QCM sur le droit d\u2019auteur<\/h2>\n\t\t<\/div>\n\t<\/div>\n\t<div class=\"panel-body\">\n\t\t<div class=\"col-md-12\">\n\t\t\t<\/p>\n<table>\n<tbody>\n<tr>\n<td width=\"100px\"><b>Principe<\/b>:<\/td>\n<td>\u00c9laborez deux questionnaires \u00e0 choix multiples (QCM) sur le droit d\u2019auteur en imaginant un court sc\u00e9nario ou en vous appuyant sur votre v\u00e9cu.<\/td>\n<\/tr>\n<tr>\n<td>\n<div class=\"floatleft\"><a href=\"https:\/\/wikieducator.org\/File:Time7.svg\" class=\"image\"><img loading=\"lazy\" decoding=\"async\" alt=\"Time7.svg\" src=\"\/\/wikieducator.org\/images\/thumb\/8\/88\/Time7.svg\/30px-Time7.svg.png\" width=\"30\" height=\"30\" class=\"img-responsive\"><\/a><\/div>\n<\/td>\n<td>1 &#8211; 2 heures<\/td>\n<\/tr>\n<\/tbody>\n<\/table>\n<p>\n<\/p>\n<p>\n\t\t<\/div>\n\t<\/div>\n<\/div><\/p>\n<p>\n<\/p>\n<h2><span class=\"mw-headline\" id=\"Commencez_ici\">Commencez ici<\/span><\/h2>\n<div class=\"panel iDevice\">\n\t<div class=\"panel-heading idevice-heading\">\n\t\t<div>\n\t\t\t<img decoding=\"async\" class=\"pedagogicalicon\" alt=\"web resources\" src=\"https:\/\/course.oeru.org\/lida103-fr\/wp-content\/themes\/oeru-course\/idevices\/Icon_inter.png\">\n\t\t<\/div>\n\t\t<div>\n\t\t\t<h2>Ressources pour vous inspirer<\/h2>\n\t\t<\/div>\n\t<\/div>\n\t<div class=\"panel-body\">\n\t\t<div class=\"col-md-12\">\n\t\t\t<\/p>\n<ul>\n<li> Consultez de nouveau le <a href=\"\/lida103-fr\/modules\/cas-pratique-sur-le-droit-dauteur\/cas-pratique-sur-le-droit-dauteur\" title=\"Learning in a digital age\/LiDA103 fr\/Copyright case study\/Case study\">cas pratiquecas<\/a> pratique pour trouver des id\u00e9es de sc\u00e9nario sur le droit d\u2019auteur.\n<\/li>\n<li> Faites le test pr\u00e9liminaire du cours LiDA103 sur le droit d\u2019auteur et les licences Creative Commons pour obtenir des exemples d\u2019\u00e9cueils \u00e0 \u00e9viter lors de la r\u00e9daction de votre QCM&nbsp;:\n<ol>\n<li> Connectez-vous ou cr\u00e9ez un compte sur la page <a rel=\"nofollow\" class=\"external text\" href=\"https:\/\/moodle.oeru.org\/login\/index.php\">moodle.oeru.org<\/a>\n<\/li>\n<li> Cliquez sur le lien <a rel=\"nofollow\" class=\"external text\" href=\"https:\/\/moodle.oeru.org\/course\/view.php?id=38\">Certificat de comp\u00e9tence<\/a> pour ce cours.\n<\/li>\n<li> Entrez la cl\u00e9 d\u2019auto-inscription suivante: \u00ab<i>oer4all2020<\/i>\u00bb (en minuscules).\n<\/li>\n<li> Suivez les consignes qui s\u2019affichent \u00e0 l\u2019\u00e9cran pour passer le test pr\u00e9liminaire.\n<\/li>\n<li> Si vous avez besoin d\u2019aide pour cr\u00e9er un compte sur notre Moodle, visitez <a rel=\"nofollow\" class=\"external text\" href=\"https:\/\/course.oeru.org\/support\/studying-courses\/oeru-knowledge-tests\/\">la page d\u2019aide<\/a>.\n<\/li>\n<\/ol>\n<\/li>\n<\/ul>\n<p><b>Documents utiles facultatifs<\/b>\n<\/p>\n<ul>\n<li> <a rel=\"nofollow\" class=\"external text\" href=\"http:\/\/cft.vanderbilt.edu\/teaching-guides\/assessment\/writing-good-multiple-choice-test-questions\/\">Writing good multiple choice questions<\/a> (en anglais seulement)\n<\/li>\n<li> <a rel=\"nofollow\" class=\"external text\" href=\"http:\/\/theelearningcoach.com\/elearning_design\/rules-for-multiple-choice-questions\/\">10 Rules For Writing Multiple Choice Questions<\/a> (en anglais seulement)\n<\/li>\n<li> <a rel=\"nofollow\" class=\"external text\" href=\"https:\/\/facultyinnovate.utexas.edu\/teaching\/check-learning\/question-types\/multiple-choice\">Writing Multiple Choice Questions<\/a> (en anglais seulement)\n<\/li>\n<li> <a rel=\"nofollow\" class=\"external text\" href=\"http:\/\/www.facultyfocus.com\/articles\/educational-assessment\/seven-mistakes-avoid-writing-multiple-choice-questions\/\">7 Mistakes to avoid writing MCQs<\/a>, publi\u00e9 par Faculty Focus (en anglais seulement)\n<\/li>\n<\/ul>\n<p>\n<\/p>\n<p>\n\t\t<\/div>\n\t<\/div>\n<\/div>\n<p>\n<\/p>\n<div class=\"panel iDevice\">\n\t<div class=\"panel-heading idevice-heading\">\n\t\t<div>\n\t\t\t<img decoding=\"async\" class=\"pedagogicalicon\" alt=\"objectives\" src=\"https:\/\/course.oeru.org\/lida103-fr\/wp-content\/themes\/oeru-course\/idevices\/Icon_objectives.png\">\n\t\t<\/div>\n\t\t<div>\n\t\t\t<h2>Objectif<\/h2>\n\t\t<\/div>\n\t<\/div>\n\t<div class=\"panel-body\">\n\t\t<div class=\"col-md-12\">\n\t\t\t<\/p>\n<p>L\u2019objectif de ce d\u00e9fi p\u00e9dagogique est de d\u00e9montrer votre ma\u00eetrise des connaissances sur le droit d\u2019auteur en \u00e9laborant deux QCM. Pour ce faire, vous devez d\u00e9crire un contexte sp\u00e9cifique \u00e0 votre propre pays. Cette activit\u00e9 s\u2019inspire d\u2019une citation attribu\u00e9e \u00e0 Yogi Bhajan&nbsp;: <i>\u00abSi tu cherches \u00e0 apprendre, lis. Si tu cherches \u00e0 comprendre, \u00e9cris. Si tu cherches \u00e0 ma\u00eetriser, enseigne.\u00bb<\/i>\n<\/p>\n<p>Les \u00e9nonc\u00e9s les plus pertinents et les plus stimulants pourront \u00eatre repris dans des cours \u00e0 venir&nbsp;; songez donc \u00e0 publier vos contributions sous licence ouverte. Nous pouvons uniquement reprendre des ressources sous licence Creative Commons Attribution ou Attribution \u2013 Partage dans les m\u00eames conditions.\n<\/p>\n<p>\n<\/p>\n<p>\n\t\t<\/div>\n\t<\/div>\n<\/div>\n<p><!-- \nNewPP limit report\nCPU time usage: 0.036 seconds\nReal time usage: 0.040 seconds\nPreprocessor visited node count: 364\/1000000\nPreprocessor generated node count: 1133\/1000000\nPost\u2010expand include size: 11219\/2097152 bytes\nTemplate argument size: 5977\/2097152 bytes\nHighest expansion depth: 8\/40\nExpensive parser function count: 0\/100\n--><\/p>\n<p><!-- Saved in parser cache with key we_en-mw_:pcache:idhash:188345-0!*!0!*!*!2!* and timestamp 20230802220748 and revision id 1085854\n -->\n<\/div>\n<div class=\"visualClear\"><\/div>\n<\/p><\/div>\n<\/p><\/div>\n<\/div>\n<\/div>\n<\/div>\n<div class=\"row\">\n<div class=\"col-md-12\">\n<ul class=\"pager\">\n<li class=\"previous\">\n            <a href=\"\/lida103-fr\/modules\/cas-pratique-sur-le-droit-dauteur\/reflexion\">\u2190 Pr\u00e9c\u00e9dent<\/a>\n          <\/li>\n<li class=\"next\">\n            <a href=\"\/lida103-fr\/modules\/cas-pratique-sur-le-droit-dauteur\/exercice-defi-qcm-sur-le-droit-dauteur\">Suivant \u2192<\/a>\n          <\/li>\n<\/ul><\/div>\n<\/p><\/div>\n<div id=\"wenote-ids\"><script type='text\/javascript' id='wenotes-ids'>\n    var WEnotesSite = \"https:\/\/wikieducator.org\";\n    var WEnotesPath = \"\/Learning_in_a_digital_age\/LiDA103_fr\/Copyright_case_study\/Start_-_Copyright_MCQ\";\n    var WEnotesSiteID = \"0e3d258fbd36841f92259eefcd41d5e9\";\n    var WEnotesPathID = \"a4a0b53c95fe1ed8bbf46519eefb545c\";\n    var WEnotesIDs = { site: \"https:\/\/wikieducator.org\", path: \"\/Learning_in_a_digital_age\/LiDA103_fr\/Copyright_case_study\/Start_-_Copyright_MCQ\", site_id: \"0e3d258fbd36841f92259eefcd41d5e9\", path_id: \"a4a0b53c95fe1ed8bbf46519eefb545c\" };\n<\/script><\/div>\n<\/div>\n<footer><\/footer>\n","protected":false},"excerpt":{"rendered":"<p>Commencez ici \u2190 Pr\u00e9c\u00e9dent Suivant \u2192<\/p>\n","protected":false},"author":1,"featured_media":0,"parent":14186,"menu_order":0,"comment_status":"closed","ping_status":"closed","template":"","meta":{"footnotes":""},"class_list":["post-14204","page","type-page","status-publish","hentry"],"_links":{"self":[{"href":"https:\/\/course.oeru.org\/lida103-fr\/wp-json\/wp\/v2\/pages\/14204","targetHints":{"allow":["GET"]}}],"collection":[{"href":"https:\/\/course.oeru.org\/lida103-fr\/wp-json\/wp\/v2\/pages"}],"about":[{"href":"https:\/\/course.oeru.org\/lida103-fr\/wp-json\/wp\/v2\/types\/page"}],"author":[{"embeddable":true,"href":"https:\/\/course.oeru.org\/lida103-fr\/wp-json\/wp\/v2\/users\/1"}],"replies":[{"embeddable":true,"href":"https:\/\/course.oeru.org\/lida103-fr\/wp-json\/wp\/v2\/comments?post=14204"}],"version-history":[{"count":1,"href":"https:\/\/course.oeru.org\/lida103-fr\/wp-json\/wp\/v2\/pages\/14204\/revisions"}],"predecessor-version":[{"id":14205,"href":"https:\/\/course.oeru.org\/lida103-fr\/wp-json\/wp\/v2\/pages\/14204\/revisions\/14205"}],"up":[{"embeddable":true,"href":"https:\/\/course.oeru.org\/lida103-fr\/wp-json\/wp\/v2\/pages\/14186"}],"wp:attachment":[{"href":"https:\/\/course.oeru.org\/lida103-fr\/wp-json\/wp\/v2\/media?parent=14204"}],"curies":[{"name":"wp","href":"https:\/\/api.w.org\/{rel}","templated":true}]}}