{"id":14214,"date":"2023-08-03T03:19:19","date_gmt":"2023-08-03T03:19:19","guid":{"rendered":"https:\/\/course.oeru.org\/lida103-fr\/?page_id=14214"},"modified":"2023-08-03T03:19:19","modified_gmt":"2023-08-03T03:19:19","slug":"support-video","status":"publish","type":"page","link":"https:\/\/course.oeru.org\/lida103-fr\/modules\/licences-creative-commons\/support-video\/","title":{"rendered":"Support vid\u00e9o"},"content":{"rendered":"<div id=\"content\" class=\"mw-body container\" role=\"main\">\n<div class=\"row\">\n<div class=\"col-md-12\">\n<div class=\"panel\">\n<div class=\"panel-body\">\n<div id=\"bodyContent\">\n<div id=\"mw-content-text\" lang=\"en\" dir=\"ltr\" class=\"mw-content-ltr\">\n<table class=\"cquote\" style=\"margin:auto; border-collapse: collapse; border: none; background-color: transparent; width: auto;\">\n<tbody>\n<tr>\n<td width=\"20\" valign=\"top\" style=\"border:none; color:#B2B7F2;font-size:60px;font-family: 'Times New Roman', serif; font-weight: bold; text-align: left; padding: 10px 10px;\"> \u201c\n<\/td>\n<td valign=\"top\" style=\"border: none; padding: 4px 10px;\"> La cr\u00e9ativit\u00e9 se fonde toujours sur le pass\u00e9. Vous \u00eates en train de forger le pass\u00e9. Partagez d\u00e8s \u00e0 pr\u00e9sent. Fa\u00e7onnez l\u2019avenir.\n<\/td>\n<td width=\"20\" valign=\"bottom\" style=\"border: none; color: #B2B7F2; font-size: 60px; font-family: 'Times New Roman', serif; font-weight: bold; text-align: right; padding: 10px 10px;\"> \u201d\n<\/td>\n<\/tr>\n<tr>\n<td colspan=\"3\" class=\"cquotecite\" style=\"border: none; padding-right: 4%\">\n<p style=\"font-size: smaller; text-align: right;\"><cite style=\"font-style: normal;\">\u2014Justin Cone, 2004<\/cite><\/p>\n<\/td>\n<\/tr>\n<\/tbody>\n<\/table>\n<p>\nLa mention \u00abtous droits r\u00e9serv\u00e9s\u00bb, qui est habituellement utilis\u00e9e pour prot\u00e9ger le droit d\u2019auteur, nous emp\u00eache d\u2019acc\u00e9der pleinement aux \u0153uvres de l\u2019esprit du pass\u00e9. Pourtant, imaginez un monde o\u00f9 l\u2019on arr\u00eaterait de r\u00e9inventer la roue et o\u00f9 l\u2019on se servirait des exp\u00e9riences pass\u00e9es pour un avenir meilleur. Dans un monde num\u00e9rique, les <a rel=\"nofollow\" class=\"external text\" href=\"http:\/\/creativecommons.org\/licenses\/\">licences Creative Commons<\/a>  permettent de mieux cibler le droit d\u2019auteur pour cr\u00e9er des futurs num\u00e9riques tout en \u00e9toffant les communs partag\u00e9s.\n<\/p>\n<p>\n<a href=\"http:\/\/en.wikipedia.org\/wiki\/Lawrence_Lessig\" class=\"extiw\" title=\"w:Lawrence Lessig\">Lawrence Lessig<\/a>, fer de lance et membre fondateur de Creative Commons, propose de laisser aux producteurs de connaissances et de culture la libert\u00e9 de cr\u00e9er. Cela implique de mettre \u00e0 profit le droit d\u2019auteur pour donner le droit de cr\u00e9er. Dans ce module, nous expliquerons le fonctionnement de ce principe. C\u2019est l\u00e9gal et gratuit&nbsp;!\n<\/p>\n<div class=\"panel iDevice\">\n\t<div class=\"panel-heading idevice-heading\">\n\t\t<div>\n\t\t\t<img decoding=\"async\" class=\"pedagogicalicon\" alt=\"media\" src=\"https:\/\/course.oeru.org\/lida103-fr\/wp-content\/themes\/oeru-course\/idevices\/Icon_multimedia.png\">\n\t\t<\/div>\n\t\t<div>\n\t\t\t<h2>La cr\u00e9ativit\u00e9 se fonde sur le pass\u00e9, par Justin Cone<\/h2>\n\t\t<\/div>\n\t<\/div>\n\t<div class=\"panel-body\">\n\t\t<div class=\"col-md-12\">\n\t\t\t<\/p>\n<p>Regardez la vid\u00e9o  <i><a rel=\"nofollow\" class=\"external text\" href=\"https:\/\/dotsub.com\/view\/c176f819-34c7-411f-8638-a25a60fe86d2\">Building on the Past<\/a><\/i>, (sous-titr\u00e9e en fran\u00e7ais), qui a permis \u00e0 son cr\u00e9ateur de remporter l\u2019\u00e9dition 2004 du concours Creative Commons Moving Images.\n<\/p>\n<p>\n<div data-mode=\"normal\" data-oembed=\"1\" data-provider=\"vimeo\" id=\"arve-vimeo-73194266\" style=\"max-width:638px;\" class=\"arve aligncenter\">\n\t<div class=\"arve-inner\">\n\t\t<div style=\"aspect-ratio:3\/2\" class=\"arve-embed arve-embed--has-aspect-ratio\">\n\t\t\t<div class=\"arve-ar\" style=\"padding-top:66.666667%\"><\/div>\n\t\t\t<iframe allow=\"accelerometer &apos;none&apos;;autoplay &apos;none&apos;;bluetooth &apos;none&apos;;browsing-topics &apos;none&apos;;camera &apos;none&apos;;clipboard-read &apos;none&apos;;clipboard-write;display-capture &apos;none&apos;;encrypted-media &apos;none&apos;;gamepad &apos;none&apos;;geolocation &apos;none&apos;;gyroscope &apos;none&apos;;hid &apos;none&apos;;identity-credentials-get &apos;none&apos;;idle-detection &apos;none&apos;;keyboard-map &apos;none&apos;;local-fonts;magnetometer &apos;none&apos;;microphone &apos;none&apos;;midi &apos;none&apos;;otp-credentials &apos;none&apos;;payment &apos;none&apos;;picture-in-picture;publickey-credentials-create &apos;none&apos;;publickey-credentials-get &apos;none&apos;;screen-wake-lock &apos;none&apos;;serial &apos;none&apos;;summarizer &apos;none&apos;;sync-xhr;usb &apos;none&apos;;web-share;window-management &apos;none&apos;;xr-spatial-tracking &apos;none&apos;;\" allowfullscreen=\"\" class=\"arve-iframe fitvidsignore\" credentialless data-arve=\"arve-vimeo-73194266\" data-lenis-prevent=\"\" data-src-no-ap=\"https:\/\/player.vimeo.com\/video\/73194266?dnt=1&amp;app_id=122963&amp;transparent=0&amp;title=0&amp;byline=0&amp;portrait=0&amp;amp;byline=0&amp;amp;portrait=0&amp;amp;&amp;autoplay=0#t=0s\" frameborder=\"0\" height=\"425.33333333333\" loading=\"lazy\" name=\"\" referrerpolicy=\"strict-origin-when-cross-origin\" sandbox=\"allow-scripts allow-same-origin allow-presentation allow-popups allow-popups-to-escape-sandbox allow-forms\" scrolling=\"no\" src=\"https:\/\/player.vimeo.com\/video\/73194266?dnt=1&#038;app_id=122963&#038;transparent=0&#038;title=0&#038;byline=0&#038;portrait=0&#038;byline=0&#038;portrait=0&#038;&#038;autoplay=0#t=0s\" title=\"\" width=\"638\"><\/iframe>\n\t\t\t\n\t\t<\/div>\n\t\t\n\t<\/div>\n\t\n\t\n\t<script type=\"application\/ld+json\">{\"@context\":\"http:\\\/\\\/schema.org\\\/\",\"@id\":\"https:\\\/\\\/course.oeru.org\\\/lida103-fr\\\/modules\\\/licences-creative-commons\\\/support-video\\\/#arve-vimeo-73194266\",\"type\":\"VideoObject\",\"embedURL\":\"https:\\\/\\\/player.vimeo.com\\\/video\\\/73194266?dnt=1&app_id=122963&transparent=0&title=0&byline=0&portrait=0&amp;byline=0&amp;portrait=0&amp;&autoplay=0#t=0s\"}<\/script>\n\t\n<\/div><\/p>\n<p> <br \/>\n<br style=\"clear:both;\">\n<\/p>\n<p>\n<b>Dans les coulisses<\/b><br \/>\nRencontrez Justin Cone, un utilisateur de Creative Commons, qui a r\u00e9alis\u00e9 <i><a rel=\"nofollow\" class=\"external text\" href=\"https:\/\/www.youtube.com\/watch?v=qIISdEQq3NI\">Building on the Past<\/a><\/i> (en anglais, mais possibilit\u00e9 de g\u00e9n\u00e9rer des sous-titres en fran\u00e7ais dans les param\u00e8tres).\n<\/p>\n<p>\n<div data-mode=\"normal\" data-oembed=\"1\" data-provider=\"vimeo\" id=\"arve-vimeo-72692440\" style=\"max-width:640px;\" class=\"arve aligncenter\">\n\t<div class=\"arve-inner\">\n\t\t<div style=\"aspect-ratio:4\/3\" class=\"arve-embed arve-embed--has-aspect-ratio\">\n\t\t\t<div class=\"arve-ar\" style=\"padding-top:75.000000%\"><\/div>\n\t\t\t<iframe allow=\"accelerometer &apos;none&apos;;autoplay &apos;none&apos;;bluetooth &apos;none&apos;;browsing-topics &apos;none&apos;;camera &apos;none&apos;;clipboard-read &apos;none&apos;;clipboard-write;display-capture &apos;none&apos;;encrypted-media &apos;none&apos;;gamepad &apos;none&apos;;geolocation &apos;none&apos;;gyroscope &apos;none&apos;;hid &apos;none&apos;;identity-credentials-get &apos;none&apos;;idle-detection &apos;none&apos;;keyboard-map &apos;none&apos;;local-fonts;magnetometer &apos;none&apos;;microphone &apos;none&apos;;midi &apos;none&apos;;otp-credentials &apos;none&apos;;payment &apos;none&apos;;picture-in-picture;publickey-credentials-create &apos;none&apos;;publickey-credentials-get &apos;none&apos;;screen-wake-lock &apos;none&apos;;serial &apos;none&apos;;summarizer &apos;none&apos;;sync-xhr;usb &apos;none&apos;;web-share;window-management &apos;none&apos;;xr-spatial-tracking &apos;none&apos;;\" allowfullscreen=\"\" class=\"arve-iframe fitvidsignore\" credentialless data-arve=\"arve-vimeo-72692440\" data-lenis-prevent=\"\" data-src-no-ap=\"https:\/\/player.vimeo.com\/video\/72692440?dnt=1&amp;app_id=122963&amp;transparent=0&amp;title=0&amp;byline=0&amp;portrait=0&amp;amp;byline=0&amp;amp;portrait=0&amp;amp;&amp;autoplay=0#t=0s\" frameborder=\"0\" height=\"480\" loading=\"lazy\" name=\"\" referrerpolicy=\"strict-origin-when-cross-origin\" sandbox=\"allow-scripts allow-same-origin allow-presentation allow-popups allow-popups-to-escape-sandbox allow-forms\" scrolling=\"no\" src=\"https:\/\/player.vimeo.com\/video\/72692440?dnt=1&#038;app_id=122963&#038;transparent=0&#038;title=0&#038;byline=0&#038;portrait=0&#038;byline=0&#038;portrait=0&#038;&#038;autoplay=0#t=0s\" title=\"\" width=\"640\"><\/iframe>\n\t\t\t\n\t\t<\/div>\n\t\t\n\t<\/div>\n\t\n\t\n\t<script type=\"application\/ld+json\">{\"@context\":\"http:\\\/\\\/schema.org\\\/\",\"@id\":\"https:\\\/\\\/course.oeru.org\\\/lida103-fr\\\/modules\\\/licences-creative-commons\\\/support-video\\\/#arve-vimeo-72692440\",\"type\":\"VideoObject\",\"embedURL\":\"https:\\\/\\\/player.vimeo.com\\\/video\\\/72692440?dnt=1&app_id=122963&transparent=0&title=0&byline=0&portrait=0&amp;byline=0&amp;portrait=0&amp;&autoplay=0#t=0s\"}<\/script>\n\t\n<\/div><\/p>\n<p> <br \/>\n<br style=\"clear:both;\">\n<\/p>\n<p>\n<b>Faites part de vos id\u00e9es<\/b>\n<\/p>\n<ol>\n<li> Participez \u00e0 la discussion sur les id\u00e9es \u00e9voqu\u00e9es dans <i>Building on the Past<\/i> en publiant un ou deux commentaires sur WeNote ci-dessous, par exemple <i>\u00abC\u2019est une vid\u00e9o int\u00e9ressante, car\u2026\u2009\u00bb<\/i>.\n<ul>\n<li> Selon vous, quel est le principal message de la vid\u00e9o&nbsp;?\n<\/li>\n<li> Avez-vous appris de nouvelles choses&nbsp;?\n<\/li>\n<\/ul>\n<\/li>\n<li> Faites part de vos observations, de vos id\u00e9es ou de votre opinion sur le point de vue de Justin en publiant un ou deux commentaires sur WeNote ci-dessous. Voici quelques pistes de r\u00e9flexion&nbsp;:\n<ul>\n<li> \u00cates-vous d\u2019accord avec le raisonnement et le message de Justin&nbsp;? Pourquoi&nbsp;?\n<\/li>\n<li> Sa vid\u00e9o vous a-t-elle donn\u00e9 un nouveau regard&nbsp;? Exprimez-vous&nbsp;!\n<\/li>\n<li> Compl\u00e9tez cette phrase&nbsp;: <i>\u00abPour moi, les licences Creative Commons c\u2019est\u2026&nbsp;\u00bb<\/i>.\n<\/li>\n<\/ul>\n<\/li>\n<\/ol>\n<p><div><p>Vous devez \u00eatre connect\u00e9 pour publier sur WEnotes.<\/p><\/div><\/p>\n<p><i>Note&nbsp;: Votre commentaire s\u2019affichera sur le <a href=\"\/lida103-fr\/communications\/fil-dactualite-du-cours\" title=\"Learning in a digital age\/LiDA103 fr\/Feed\">fil d\u2019actualit\u00e9 du cours<\/a>.<\/i>\n<\/p>\n<p>\n<\/p>\n<p>\n\t\t<\/div>\n\t<\/div>\n<\/div>\n<p><!-- \nNewPP limit report\nCPU time usage: 0.039 seconds\nReal time usage: 0.045 seconds\nPreprocessor visited node count: 279\/1000000\nPreprocessor generated node count: 1697\/1000000\nPost\u2010expand include size: 7753\/2097152 bytes\nTemplate argument size: 4535\/2097152 bytes\nHighest expansion depth: 7\/40\nExpensive parser function count: 0\/100\n--><\/p>\n<p><!-- Saved in parser cache with key we_en-mw_:pcache:idhash:188349-0!*!0!*!*!2!* and timestamp 20230802220750 and revision id 1091222\n -->\n<\/div>\n<div class=\"visualClear\"><\/div>\n<\/p><\/div>\n<\/p><\/div>\n<\/div>\n<\/div>\n<\/div>\n<div class=\"row\">\n<div class=\"col-md-12\">\n<ul class=\"pager\">\n<li class=\"previous\">\n            <a href=\"\/lida103-fr\/modules\/licences-creative-commons\/apercu\">\u2190 Pr\u00e9c\u00e9dent<\/a>\n          <\/li>\n<li class=\"next\">\n            <a href=\"\/lida103-fr\/modules\/licences-creative-commons\/principes-fondamentaux-des-licences-cc\">Suivant \u2192<\/a>\n          <\/li>\n<\/ul><\/div>\n<\/p><\/div>\n<div id=\"wenote-ids\"><script type='text\/javascript' id='wenotes-ids'>\n    var WEnotesSite = \"https:\/\/wikieducator.org\";\n    var WEnotesPath = \"\/Learning_in_a_digital_age\/LiDA103_fr\/Creative_Commons\/Video\";\n    var WEnotesSiteID = \"0e3d258fbd36841f92259eefcd41d5e9\";\n    var WEnotesPathID = \"ec66b8bbf95cab9cfd56607bce7ad0c0\";\n    var WEnotesIDs = { site: \"https:\/\/wikieducator.org\", path: \"\/Learning_in_a_digital_age\/LiDA103_fr\/Creative_Commons\/Video\", site_id: \"0e3d258fbd36841f92259eefcd41d5e9\", path_id: \"ec66b8bbf95cab9cfd56607bce7ad0c0\" };\n<\/script><\/div>\n<\/div>\n<footer><\/footer>\n","protected":false},"excerpt":{"rendered":"<p>\u201c La cr\u00e9ativit\u00e9 se fonde toujours sur le pass\u00e9. Vous \u00eates en train de forger le pass\u00e9. Partagez d\u00e8s \u00e0 pr\u00e9sent. Fa\u00e7onnez l\u2019avenir. \u201d \u2014Justin Cone, 2004 La mention \u00abtous droits r\u00e9serv\u00e9s\u00bb, qui est habituellement utilis\u00e9e pour prot\u00e9ger le droit d\u2019auteur, nous emp\u00eache d\u2019acc\u00e9der pleinement aux \u0153uvres de l\u2019esprit du pass\u00e9. Pourtant, imaginez un monde [&hellip;]<\/p>\n","protected":false},"author":1,"featured_media":0,"parent":14210,"menu_order":0,"comment_status":"closed","ping_status":"closed","template":"","meta":{"footnotes":""},"class_list":["post-14214","page","type-page","status-publish","hentry"],"_links":{"self":[{"href":"https:\/\/course.oeru.org\/lida103-fr\/wp-json\/wp\/v2\/pages\/14214","targetHints":{"allow":["GET"]}}],"collection":[{"href":"https:\/\/course.oeru.org\/lida103-fr\/wp-json\/wp\/v2\/pages"}],"about":[{"href":"https:\/\/course.oeru.org\/lida103-fr\/wp-json\/wp\/v2\/types\/page"}],"author":[{"embeddable":true,"href":"https:\/\/course.oeru.org\/lida103-fr\/wp-json\/wp\/v2\/users\/1"}],"replies":[{"embeddable":true,"href":"https:\/\/course.oeru.org\/lida103-fr\/wp-json\/wp\/v2\/comments?post=14214"}],"version-history":[{"count":1,"href":"https:\/\/course.oeru.org\/lida103-fr\/wp-json\/wp\/v2\/pages\/14214\/revisions"}],"predecessor-version":[{"id":14215,"href":"https:\/\/course.oeru.org\/lida103-fr\/wp-json\/wp\/v2\/pages\/14214\/revisions\/14215"}],"up":[{"embeddable":true,"href":"https:\/\/course.oeru.org\/lida103-fr\/wp-json\/wp\/v2\/pages\/14210"}],"wp:attachment":[{"href":"https:\/\/course.oeru.org\/lida103-fr\/wp-json\/wp\/v2\/media?parent=14214"}],"curies":[{"name":"wp","href":"https:\/\/api.w.org\/{rel}","templated":true}]}}