{"id":14228,"date":"2023-08-03T03:19:38","date_gmt":"2023-08-03T03:19:38","guid":{"rendered":"https:\/\/course.oeru.org\/lida103-fr\/?page_id=14228"},"modified":"2023-08-03T03:19:38","modified_gmt":"2023-08-03T03:19:38","slug":"resume","status":"publish","type":"page","link":"https:\/\/course.oeru.org\/lida103-fr\/modules\/licences-creative-commons\/resume\/","title":{"rendered":"R\u00e9sum\u00e9"},"content":{"rendered":"<div id=\"content\" class=\"mw-body container\" role=\"main\">\n<div class=\"row\">\n<div class=\"col-md-12\">\n<div class=\"panel\">\n<div class=\"panel-body\">\n<div id=\"bodyContent\">\n<div id=\"mw-content-text\" lang=\"en\" dir=\"ltr\" class=\"mw-content-ltr\">\n<div class=\"thumb tright\">\n<div class=\"thumbinner thumbnail\" style=\"width:402px;\"><a href=\"https:\/\/wikieducator.org\/File:CC-on_the_ground.jpg\" class=\"image\"><img loading=\"lazy\" decoding=\"async\" alt=\"CC-on the ground.jpg\" src=\"\/\/wikieducator.org\/images\/thumb\/c\/ca\/CC-on_the_ground.jpg\/400px-CC-on_the_ground.jpg\" width=\"400\" height=\"300\" class=\"thumbimage img-responsive\"><\/a>  <\/p>\n<div class=\"thumbcaption\"><\/div>\n<\/div>\n<\/div>\n<p> Les licences Creative Commons facilitent la mise en \u0153uvre des ressources \u00e9ducatives libres (REL). Elles repr\u00e9sentent un cadre juridique bien adapt\u00e9 et rendent possible l\u2019existence de ce mouvement. Elles fournissent les outils juridiques et techniques utilis\u00e9s par les enseignants et les \u00e9tablissements pour partager librement des connaissances, en privil\u00e9giant les autorisations par rapport aux restrictions. Pour r\u00e9sumer&nbsp;:<\/p>\n<ul>\n<li> les licences Creative Commons fonctionnent en synergie avec la l\u00e9gislation sur le droit d\u2019auteur pour proposer d\u2019autres solutions aux enseignants afin que ces derniers puissent <a rel=\"nofollow\" class=\"external text\" href=\"https:\/\/wpms.oeru.org\/lida103\/learning-pathways\/creative-commons\/cc-basics\">mieux cibler leur droit d\u2019auteur<\/a>, en faisant passer le choix par d\u00e9faut de \u00ab\u2009tous droits r\u00e9serv\u00e9s\u2009\u00bb \u00e0 \u00ab\u2009certains droits r\u00e9serv\u00e9s\u2009\u00bb, conform\u00e9ment aux autorisations d\u00e9cid\u00e9es par le cr\u00e9ateur.\n<\/li>\n<li> Creative Commons propose <a rel=\"nofollow\" class=\"external text\" href=\"https:\/\/wpms.oeru.org\/lida103\/learning-pathways\/creative-commons\/cc-licenses\/\">six licences diff\u00e9rentes<\/a>, qui autorisent ou interdisent la production d\u2019\u0153uvres d\u00e9riv\u00e9es ou l\u2019utilisation commerciale.\n<\/li>\n<li> L\u2019association fournit des <a rel=\"nofollow\" class=\"external text\" href=\"https:\/\/creativecommons.fr\/cc0-et-mdp\/\">outils pour le domaine public<\/a>, qui permettent d\u2019y faire entrer son \u0153uvre ou de signaler une \u0153uvre qui s\u2019y trouve d\u00e9j\u00e0.\n<\/li>\n<li> Le <a rel=\"nofollow\" class=\"external text\" href=\"https:\/\/creativecommons.org\/\">site Internet de Creative Commons<\/a> propose un outil gratuit afin de <a rel=\"nofollow\" class=\"external text\" href=\"https:\/\/creativecommons.org\/choose\/?lang=fr\">choisir la licence<\/a> la mieux adapt\u00e9e \u00e0 une \u0153uvre donn\u00e9e.\n<\/li>\n<li> Les licences CC<sup id=\"cite_ref-1\" class=\"reference\"><a href=\"#cite_note-1\">[1]<\/a><\/sup> sont <a rel=\"nofollow\" class=\"external text\" href=\"https:\/\/wpms.oeru.org\/lida103\/learning-pathways\/creative-commons\/anatomy-of-a-cc-license\/\">faciles \u00e0 utiliser et adapt\u00e9es au monde num\u00e9rique<\/a>, puisqu\u2019elles se d\u00e9clinent sous trois formes&nbsp;: les clauses juridiques dans leur int\u00e9gralit\u00e9, le r\u00e9sum\u00e9 de la licence (explication) et le code informatique.\n<\/li>\n<li> Les utilisateurs savent \u00e0 l\u2019avance si un document peut \u00eatre r\u00e9vis\u00e9, int\u00e9gr\u00e9 \u00e0 une \u0153uvre composite puis redistribu\u00e9 en tant qu\u2019\u0153uvre d\u00e9riv\u00e9e publi\u00e9e \u00e0 son tour sous licence CC en tenant compte de la <a rel=\"nofollow\" class=\"external text\" href=\"https:\/\/wpms.oeru.org\/Learning_in_a_digital_age\/LiDA103\/Creative_Commons\/Remix#_blank\">compatibilit\u00e9 des licences<\/a>.\n<\/li>\n<\/ul>\n<p><br style=\"clear:both;\">\n<\/p>\n<h2><span class=\"mw-headline\" id=\"R.C3.A9flexion_finale\">R\u00e9flexion finale<\/span><\/h2>\n<p>\n<\/p>\n<div class=\"panel iDevice\">\n\t<div class=\"panel-heading idevice-heading\">\n\t\t<div>\n\t\t\t<img decoding=\"async\" class=\"pedagogicalicon\" alt=\"activity\" src=\"https:\/\/course.oeru.org\/lida103-fr\/wp-content\/themes\/oeru-course\/idevices\/Icon_activity.png\">\n\t\t<\/div>\n\t\t<div>\n\t\t\t<h2>Activity<\/h2>\n\t\t<\/div>\n\t<\/div>\n\t<div class=\"panel-body\">\n\t\t<div class=\"col-md-12\">\n\t\t\t<\/p>\n<p>Vous devez \u00e0 pr\u00e9sent en savoir davantage sur la fa\u00e7on dont les licences Creative Commons viennent compl\u00e9ter le droit d\u2019auteur. Nous vous invitons \u00e0 partager une r\u00e9flexion finale avec les autres participants en publiant un commentaire sur WeNote ci-dessous. Avez-vous appris de nouvelles choses\u2009? Par exemple&nbsp;:\n<\/p>\n<ul>\n<li> <i>Ma licence pr\u00e9f\u00e9r\u00e9e est [pr\u00e9ciser une licence, par exemple CC BY], parce que\u2026<\/i>\n<\/li>\n<li> <i>Je ne me rendais pas compte que\u2026<\/i>\n<\/li>\n<li> <i>Le principe des licences Creative Commons est\u2026<\/i>\n<\/li>\n<\/ul>\n<p><div><p>Vous devez \u00eatre connect\u00e9 pour publier sur WEnotes.<\/p><\/div><\/p>\n<p><i>Note&nbsp;: Votre commentaire s\u2019affichera sur le <a href=\"\/lida103-fr\/communications\/fil-dactualite-du-cours\" title=\"Learning in a digital age\/LiDA103 fr\/Feed\">fil d\u2019actualit\u00e9 du cours<\/a>.<\/i>\n<\/p>\n<p>\n<\/p>\n<p>\n\t\t<\/div>\n\t<\/div>\n<\/div>\n<p>\n<\/p>\n<h2><span class=\"mw-headline\" id=\"Pour_aller_plus_loin\">Pour aller plus loin<\/span><\/h2>\n<ul>\n<li> <a rel=\"nofollow\" class=\"external text\" href=\"http:\/\/wiki.creativecommons.org\/OER\">OER Portal<\/a> (en anglais seulement)\n<\/li>\n<li> <a rel=\"nofollow\" class=\"external text\" href=\"http:\/\/wiki.creativecommons.org\/OER_Case_Studies\">Education case studies<\/a> (en anglais seulement)\n<\/li>\n<li> <a rel=\"nofollow\" class=\"external text\" href=\"https:\/\/creativecommons.org\/faq\/fr\/\">Foire aux questions Creative Commons<\/a>\n<\/li>\n<\/ul>\n<h2><span class=\"mw-headline\" id=\"Notes\">Notes<\/span><\/h2>\n<ol class=\"references\">\n<li id=\"cite_note-1\"><span class=\"mw-cite-backlink\"><a href=\"#cite_ref-1\">\u2191<\/a><\/span> <span class=\"reference-text\"><a rel=\"nofollow\" class=\"external text\" href=\"http:\/\/creativecommons.org\/\">Creative Commons<\/a><\/span>\n<\/li>\n<\/ol>\n<p><!-- \nNewPP limit report\nCPU time usage: 0.035 seconds\nReal time usage: 0.051 seconds\nPreprocessor visited node count: 132\/1000000\nPreprocessor generated node count: 934\/1000000\nPost\u2010expand include size: 3104\/2097152 bytes\nTemplate argument size: 1406\/2097152 bytes\nHighest expansion depth: 7\/40\nExpensive parser function count: 0\/100\n--><\/p>\n<p><!-- Saved in parser cache with key we_en-mw_:pcache:idhash:188356-0!*!0!!*!2!* and timestamp 20230802220810 and revision id 1085863\n -->\n<\/div>\n<div class=\"visualClear\"><\/div>\n<\/p><\/div>\n<\/p><\/div>\n<\/div>\n<\/div>\n<\/div>\n<div class=\"row\">\n<div class=\"col-md-12\">\n<ul class=\"pager\">\n<li class=\"previous\">\n            <a href=\"\/lida103-fr\/modules\/licences-creative-commons\/trouver-des-reponses-a-des-questions-sur-les-licences-cc\">\u2190 Pr\u00e9c\u00e9dent<\/a>\n          <\/li>\n<li class=\"next\">\n            <a href=\"\/lida103-fr\/modules\/licences-creative-commons\/quiz\">Suivant \u2192<\/a>\n          <\/li>\n<\/ul><\/div>\n<\/p><\/div>\n<div id=\"wenote-ids\"><script type='text\/javascript' id='wenotes-ids'>\n    var WEnotesSite = \"https:\/\/wikieducator.org\";\n    var WEnotesPath = \"\/Learning_in_a_digital_age\/LiDA103_fr\/Creative_Commons\/Summary\";\n    var WEnotesSiteID = \"0e3d258fbd36841f92259eefcd41d5e9\";\n    var WEnotesPathID = \"3c06f70943979c32a20c6cc0f05746a4\";\n    var WEnotesIDs = { site: \"https:\/\/wikieducator.org\", path: \"\/Learning_in_a_digital_age\/LiDA103_fr\/Creative_Commons\/Summary\", site_id: \"0e3d258fbd36841f92259eefcd41d5e9\", path_id: \"3c06f70943979c32a20c6cc0f05746a4\" };\n<\/script><\/div>\n<\/div>\n<footer><\/footer>\n","protected":false},"excerpt":{"rendered":"<p>Les licences Creative Commons facilitent la mise en \u0153uvre des ressources \u00e9ducatives libres (REL). Elles repr\u00e9sentent un cadre juridique bien adapt\u00e9 et rendent possible l\u2019existence de ce mouvement. Elles fournissent les outils juridiques et techniques utilis\u00e9s par les enseignants et les \u00e9tablissements pour partager librement des connaissances, en privil\u00e9giant les autorisations par rapport aux restrictions. [&hellip;]<\/p>\n","protected":false},"author":1,"featured_media":0,"parent":14210,"menu_order":0,"comment_status":"closed","ping_status":"closed","template":"","meta":{"footnotes":""},"class_list":["post-14228","page","type-page","status-publish","hentry"],"_links":{"self":[{"href":"https:\/\/course.oeru.org\/lida103-fr\/wp-json\/wp\/v2\/pages\/14228","targetHints":{"allow":["GET"]}}],"collection":[{"href":"https:\/\/course.oeru.org\/lida103-fr\/wp-json\/wp\/v2\/pages"}],"about":[{"href":"https:\/\/course.oeru.org\/lida103-fr\/wp-json\/wp\/v2\/types\/page"}],"author":[{"embeddable":true,"href":"https:\/\/course.oeru.org\/lida103-fr\/wp-json\/wp\/v2\/users\/1"}],"replies":[{"embeddable":true,"href":"https:\/\/course.oeru.org\/lida103-fr\/wp-json\/wp\/v2\/comments?post=14228"}],"version-history":[{"count":1,"href":"https:\/\/course.oeru.org\/lida103-fr\/wp-json\/wp\/v2\/pages\/14228\/revisions"}],"predecessor-version":[{"id":14229,"href":"https:\/\/course.oeru.org\/lida103-fr\/wp-json\/wp\/v2\/pages\/14228\/revisions\/14229"}],"up":[{"embeddable":true,"href":"https:\/\/course.oeru.org\/lida103-fr\/wp-json\/wp\/v2\/pages\/14210"}],"wp:attachment":[{"href":"https:\/\/course.oeru.org\/lida103-fr\/wp-json\/wp\/v2\/media?parent=14228"}],"curies":[{"name":"wp","href":"https:\/\/api.w.org\/{rel}","templated":true}]}}