{"id":14234,"date":"2023-08-03T03:19:44","date_gmt":"2023-08-03T03:19:44","guid":{"rendered":"https:\/\/course.oeru.org\/lida103-fr\/?page_id=14234"},"modified":"2023-08-03T03:19:44","modified_gmt":"2023-08-03T03:19:44","slug":"apercu","status":"publish","type":"page","link":"https:\/\/course.oeru.org\/lida103-fr\/modules\/jeu-compatibles-ou-non\/apercu\/","title":{"rendered":"Aper\u00e7u"},"content":{"rendered":"<div id=\"content\" class=\"mw-body container\" role=\"main\">\n<div class=\"row\">\n<div class=\"col-md-12\">\n<div class=\"panel\">\n<div class=\"panel-body\">\n<div id=\"bodyContent\">\n<div id=\"mw-content-text\" lang=\"en\" dir=\"ltr\" class=\"mw-content-ltr\">\n<div class=\"floatright\"><a href=\"https:\/\/wikieducator.org\/File:Hand_of_cards_white_background.jpg\" class=\"image\"><img loading=\"lazy\" decoding=\"async\" alt=\"Hand of cards white background.jpg\" src=\"\/\/wikieducator.org\/images\/thumb\/5\/52\/Hand_of_cards_white_background.jpg\/320px-Hand_of_cards_white_background.jpg\" width=\"320\" height=\"213\" class=\"img-responsive\"><\/a><\/div>\n<p>Dans ce module, vous participerez \u00e0 un jeu pour tester vos connaissances sur la compatibilit\u00e9 de diff\u00e9rentes licences lors de la cr\u00e9ation d\u2019une \u0153uvre composite. Les questions interactives fournissent une appr\u00e9ciation d\u00e9taill\u00e9e pour les bonnes et les mauvaises r\u00e9ponses.<br style=\"clear:both;\"><br \/>\n<div class=\"panel iDevice\">\n\t<div class=\"panel-heading idevice-heading\">\n\t\t<div>\n\t\t\t<img decoding=\"async\" class=\"pedagogicalicon\" alt=\"objectives\" src=\"https:\/\/course.oeru.org\/lida103-fr\/wp-content\/themes\/oeru-course\/idevices\/Icon_objectives.png\">\n\t\t<\/div>\n\t\t<div>\n\t\t\t<h2>Objectifs<\/h2>\n\t\t<\/div>\n\t<\/div>\n\t<div class=\"panel-body\">\n\t\t<div class=\"col-md-12\">\n\t\t\t<\/p>\n<p>Apr\u00e8s avoir r\u00e9ussi ce module, vous serez en mesure&nbsp;:\n<\/p>\n<ul>\n<li> d\u2019estimer si des \u0153uvres sous diff\u00e9rents types de licences peuvent \u00eatre combin\u00e9es entre elles ou avec des \u0153uvres du domaine public&nbsp;;\n<\/li>\n<li> de d\u00e9terminer les licences autoris\u00e9es pour une \u0153uvre composite cr\u00e9\u00e9e \u00e0 partir d\u2019\u0153uvres originales r\u00e9arrang\u00e9es entre elles.\n<\/li>\n<\/ul>\n<p>\n<\/p>\n<p>\n\t\t<\/div>\n\t<\/div>\n<\/div><\/p>\n<p><!-- \nNewPP limit report\nCPU time usage: 0.023 seconds\nReal time usage: 0.028 seconds\nPreprocessor visited node count: 106\/1000000\nPreprocessor generated node count: 788\/1000000\nPost\u2010expand include size: 2226\/2097152 bytes\nTemplate argument size: 749\/2097152 bytes\nHighest expansion depth: 7\/40\nExpensive parser function count: 0\/100\n--><\/p>\n<p><!-- Saved in parser cache with key we_en-mw_:pcache:idhash:188361-0!*!*!*!*!2!* and timestamp 20230802161055 and revision id 1085866\n -->\n<\/div>\n<div class=\"visualClear\"><\/div>\n<\/p><\/div>\n<\/p><\/div>\n<\/div>\n<\/div>\n<\/div>\n<div class=\"row\">\n<div class=\"col-md-12\">\n<ul class=\"pager\">\n<li class=\"previous\">\n            <a href=\"\/lida103-fr\/modules\/licences-creative-commons\/quiz\">\u2190 Pr\u00e9c\u00e9dent<\/a>\n          <\/li>\n<li class=\"next\">\n            <a href=\"\/lida103-fr\/modules\/jeu-compatibles-ou-non\/jeu-sur-les-licences-cc-compatibles-ou-non\u2009\">Suivant \u2192<\/a>\n          <\/li>\n<\/ul><\/div>\n<\/p><\/div>\n<div id=\"wenote-ids\"><script type='text\/javascript' id='wenotes-ids'>\n    var WEnotesSite = \"https:\/\/wikieducator.org\";\n    var WEnotesPath = \"\/Learning_in_a_digital_age\/LiDA103_fr\/Remix_game\/Overview\";\n    var WEnotesSiteID = \"0e3d258fbd36841f92259eefcd41d5e9\";\n    var WEnotesPathID = \"674102926441b48215719cb1fbc97ffe\";\n    var WEnotesIDs = { site: \"https:\/\/wikieducator.org\", path: \"\/Learning_in_a_digital_age\/LiDA103_fr\/Remix_game\/Overview\", site_id: \"0e3d258fbd36841f92259eefcd41d5e9\", path_id: \"674102926441b48215719cb1fbc97ffe\" };\n<\/script><\/div>\n<\/div>\n<footer><\/footer>\n","protected":false},"excerpt":{"rendered":"<p>Dans ce module, vous participerez \u00e0 un jeu pour tester vos connaissances sur la compatibilit\u00e9 de diff\u00e9rentes licences lors de la cr\u00e9ation d\u2019une \u0153uvre composite. Les questions interactives fournissent une appr\u00e9ciation d\u00e9taill\u00e9e pour les bonnes et les mauvaises r\u00e9ponses. \u2190 Pr\u00e9c\u00e9dent Suivant \u2192<\/p>\n","protected":false},"author":1,"featured_media":0,"parent":14232,"menu_order":0,"comment_status":"closed","ping_status":"closed","template":"","meta":{"footnotes":""},"class_list":["post-14234","page","type-page","status-publish","hentry"],"_links":{"self":[{"href":"https:\/\/course.oeru.org\/lida103-fr\/wp-json\/wp\/v2\/pages\/14234","targetHints":{"allow":["GET"]}}],"collection":[{"href":"https:\/\/course.oeru.org\/lida103-fr\/wp-json\/wp\/v2\/pages"}],"about":[{"href":"https:\/\/course.oeru.org\/lida103-fr\/wp-json\/wp\/v2\/types\/page"}],"author":[{"embeddable":true,"href":"https:\/\/course.oeru.org\/lida103-fr\/wp-json\/wp\/v2\/users\/1"}],"replies":[{"embeddable":true,"href":"https:\/\/course.oeru.org\/lida103-fr\/wp-json\/wp\/v2\/comments?post=14234"}],"version-history":[{"count":1,"href":"https:\/\/course.oeru.org\/lida103-fr\/wp-json\/wp\/v2\/pages\/14234\/revisions"}],"predecessor-version":[{"id":14235,"href":"https:\/\/course.oeru.org\/lida103-fr\/wp-json\/wp\/v2\/pages\/14234\/revisions\/14235"}],"up":[{"embeddable":true,"href":"https:\/\/course.oeru.org\/lida103-fr\/wp-json\/wp\/v2\/pages\/14232"}],"wp:attachment":[{"href":"https:\/\/course.oeru.org\/lida103-fr\/wp-json\/wp\/v2\/media?parent=14234"}],"curies":[{"name":"wp","href":"https:\/\/api.w.org\/{rel}","templated":true}]}}