{"id":14242,"date":"2023-08-03T03:19:52","date_gmt":"2023-08-03T03:19:52","guid":{"rendered":"https:\/\/course.oeru.org\/lida103-fr\/?page_id=14242"},"modified":"2023-08-03T03:19:52","modified_gmt":"2023-08-03T03:19:52","slug":"oeuvre-composite-3","status":"publish","type":"page","link":"https:\/\/course.oeru.org\/lida103-fr\/modules\/jeu-compatibles-ou-non\/oeuvre-composite-3\/","title":{"rendered":"\u0152uvre composite 3"},"content":{"rendered":"<div id=\"content\" class=\"mw-body container\" role=\"main\">\n<div class=\"row\">\n<div class=\"col-md-12\">\n<div class=\"panel\">\n<div class=\"panel-body\">\n<div id=\"bodyContent\">\n<div id=\"mw-content-text\" lang=\"en\" dir=\"ltr\" class=\"mw-content-ltr\">\n<p>D\u00e9terminez s\u2019il est possible de cr\u00e9er une \u0153uvre composite \u00e0 partir des ressources suivantes et de la publier l\u00e9galement, puis r\u00e9pondez aux questions ci-dessous.\n<\/p>\n<ul class=\"gallery mw-gallery-packed\">\n<li class=\"gallerybox\" style=\"width: 168.66666666667px\">\n<div style=\"width: 168.66666666667px\">\n<div class=\"thumb\" style=\"width: 166.66666666667px;\">\n<div style=\"margin:0px auto;\"><a href=\"https:\/\/wikieducator.org\/File:OER-Remix-Audio_BY_NC-SA.png\" class=\"image\"><img loading=\"lazy\" decoding=\"async\" alt=\"OER-Remix-Audio BY NC-SA.png\" src=\"\/\/wikieducator.org\/images\/d\/de\/OER-Remix-Audio_BY_NC-SA.png\" width=\"167\" height=\"230\" class=\"img-responsive\"><\/a><\/div>\n<\/div>\n<div class=\"gallerytext\">\n\t\t\t<\/div>\n<\/p><\/div>\n<\/li>\n<li class=\"gallerybox\" style=\"width: 168.66666666667px\">\n<div style=\"width: 168.66666666667px\">\n<div class=\"thumb\" style=\"width: 166.66666666667px;\">\n<div style=\"margin:0px auto;\"><a href=\"https:\/\/wikieducator.org\/File:FR-OER-Remix-Image_BY_SA.png\" class=\"image\"><img loading=\"lazy\" decoding=\"async\" alt=\"FR-OER-Remix-Image BY SA.png\" src=\"\/\/wikieducator.org\/images\/3\/33\/FR-OER-Remix-Image_BY_SA.png\" width=\"167\" height=\"230\" class=\"img-responsive\"><\/a><\/div>\n<\/div>\n<div class=\"gallerytext\">\n\t\t\t<\/div>\n<\/p><\/div>\n<\/li>\n<li class=\"gallerybox\" style=\"width: 168.66666666667px\">\n<div style=\"width: 168.66666666667px\">\n<div class=\"thumb\" style=\"width: 166.66666666667px;\">\n<div style=\"margin:0px auto;\"><a href=\"https:\/\/wikieducator.org\/File:FR-OER-Remix-Film-BY_NC_SA.png\" class=\"image\"><img loading=\"lazy\" decoding=\"async\" alt=\"FR-OER-Remix-Film-BY NC SA.png\" src=\"\/\/wikieducator.org\/images\/c\/ce\/FR-OER-Remix-Film-BY_NC_SA.png\" width=\"167\" height=\"230\" class=\"img-responsive\"><\/a><\/div>\n<\/div>\n<div class=\"gallerytext\">\n\t\t\t<\/div>\n<\/p><\/div>\n<\/li>\n<li class=\"gallerybox\" style=\"width: 168.66666666667px\">\n<div style=\"width: 168.66666666667px\">\n<div class=\"thumb\" style=\"width: 166.66666666667px;\">\n<div style=\"margin:0px auto;\"><a href=\"https:\/\/wikieducator.org\/File:FR-OER-Remix-Texte-BY.png\" class=\"image\"><img loading=\"lazy\" decoding=\"async\" alt=\"FR-OER-Remix-Texte-BY.png\" src=\"\/\/wikieducator.org\/images\/e\/e0\/FR-OER-Remix-Texte-BY.png\" width=\"167\" height=\"230\" class=\"img-responsive\"><\/a><\/div>\n<\/div>\n<div class=\"gallerytext\">\n\t\t\t<\/div>\n<\/p><\/div>\n<\/li>\n<\/ul>\n<p>\n<\/p>\n<div class=\"panel iDevice WEquizMultipleChoice\">\n\t<div class=\"panel-heading idevice-heading\">\n\t\t<div>\n\t\t\t<img decoding=\"async\" class=\"pedagogicalicon\" alt=\"assessment\" src=\"https:\/\/course.oeru.org\/lida103-fr\/wp-content\/themes\/oeru-course\/idevices\/Icon_qmark.png\">\n\t\t<\/div>\n\t\t<div>\n\t\t\t<h2>Tentez votre chance avec cette combinaison<\/h2>\n\t\t<\/div>\n\t<\/div>\n\t<div class=\"panel-body\">\n\t\t<div class=\"col-md-12\">\n\t\t\t\n<ul>\n<li> Est-il possible de cr\u00e9er une \u0153uvre composite \u00e0 partir de ces ressources puis de la publier l\u00e9galement&nbsp;?\n<ul>\n<li>Oui\n<ul>\n<li><b>Mauvaise r\u00e9ponse<\/b>. Bien qu\u2019il y ait deux licences comportant une clause de partage dans les m\u00eames conditions (BY-NC-SA et BY-SA), ces derni\u00e8res ne sont pas compatibles, car la clause de partage dans les m\u00eames conditions exige que les \u0153uvres d\u00e9riv\u00e9es soient publi\u00e9es sous la m\u00eame licence.\n<\/li>\n<\/ul>\n<\/li>\n<li>Non\n<ul>\n<li><b>Bonne r\u00e9ponse<\/b>. La clause de partage dans les m\u00eames conditions exige que les \u0153uvres d\u00e9riv\u00e9es soient publi\u00e9es sous la m\u00eame licence, \u00e0 savoir CC BY-SA; la ressource sous licence CC BY-NC-SA ne peut donc pas \u00eatre int\u00e9gr\u00e9e \u00e0 cette compilation.\n<\/li>\n<\/ul>\n<\/li>\n<\/ul>\n<\/li>\n<li> Parmi les propositions suivantes, lesquelles conviendraient pour publier l\u2019\u0153uvre composite&nbsp;?\n<ul>\n<li> Droit d\u2019auteur \u00abtous droits r\u00e9serv\u00e9s\u00bb\n<ul>\n<li><b>Mauvaise r\u00e9ponse<\/b>. Cette proposition n\u2019est pas compatible.\n<\/li>\n<\/ul>\n<\/li>\n<li> Licence CC BY\n<ul>\n<li><b>Mauvaise r\u00e9ponse<\/b>. Cette proposition n\u2019est pas compatible.\n<\/li>\n<\/ul>\n<\/li>\n<li>Versement au domaine public\n<ul>\n<li><b>Mauvaise r\u00e9ponse<\/b>. Cette proposition n\u2019est pas compatible.\n<\/li>\n<\/ul>\n<\/li>\n<li>Licence CC BY-NC\n<ul>\n<li><b>Mauvaise r\u00e9ponse<\/b>. Cette proposition n\u2019est pas compatible.\n<\/li>\n<\/ul>\n<\/li>\n<li>Licence CC BY-NC-ND\n<ul>\n<li><b>Mauvaise r\u00e9ponse<\/b>. Cette proposition n\u2019est pas compatible.\n<\/li>\n<\/ul>\n<\/li>\n<li>Licence CC BY-NC-SA\n<ul>\n<li><b>Mauvaise r\u00e9ponse<\/b>. Cette proposition n\u2019est pas compatible.\n<\/li>\n<\/ul>\n<\/li>\n<li>Licence CC BY-SA\n<ul>\n<li><b>Mauvaise r\u00e9ponse<\/b>. Cette proposition n\u2019est pas compatible.\n<\/li>\n<\/ul>\n<\/li>\n<\/ul>\n<\/li>\n<\/ul>\n<p>\n<\/p>\n<p>\n\t\t<\/div>\n\t<\/div>\n<\/div><\/p>\n<p>\n<\/p>\n<p><small>Cette activit\u00e9 s\u2019inspire de la version en ligne de l\u2019<a rel=\"nofollow\" class=\"external text\" href=\"http:\/\/opencontent.org\/game\">OER Remix Game<\/a> de David Wiley.<\/small>\n<\/p>\n<p><!-- \nNewPP limit report\nCPU time usage: 0.024 seconds\nReal time usage: 0.037 seconds\nPreprocessor visited node count: 134\/1000000\nPreprocessor generated node count: 1066\/1000000\nPost\u2010expand include size: 11450\/2097152 bytes\nTemplate argument size: 7622\/2097152 bytes\nHighest expansion depth: 10\/40\nExpensive parser function count: 0\/100\n--><\/p>\n<p><!-- Saved in parser cache with key we_en-mw_:pcache:idhash:188365-0!*!*!*!*!2!* and timestamp 20230802220815 and revision id 1085947\n -->\n<\/div>\n<div class=\"visualClear\"><\/div>\n<\/p><\/div>\n<\/p><\/div>\n<\/div>\n<\/div>\n<\/div>\n<div class=\"row\">\n<div class=\"col-md-12\">\n<ul class=\"pager\">\n<li class=\"previous\">\n            <a href=\"\/lida103-fr\/modules\/jeu-compatibles-ou-non\/oeuvre-composite-2\">\u2190 Pr\u00e9c\u00e9dent<\/a>\n          <\/li>\n<li class=\"next\">\n            <a href=\"\/lida103-fr\/modules\/jeu-compatibles-ou-non\/oeuvre-composite-4\">Suivant \u2192<\/a>\n          <\/li>\n<\/ul><\/div>\n<\/p><\/div>\n<div id=\"wenote-ids\"><script type='text\/javascript' id='wenotes-ids'>\n    var WEnotesSite = \"https:\/\/wikieducator.org\";\n    var WEnotesPath = \"\/Learning_in_a_digital_age\/LiDA103_fr\/Remix_game\/Remix_3\";\n    var WEnotesSiteID = \"0e3d258fbd36841f92259eefcd41d5e9\";\n    var WEnotesPathID = \"697b216cdcde229770e060048a4e0164\";\n    var WEnotesIDs = { site: \"https:\/\/wikieducator.org\", path: \"\/Learning_in_a_digital_age\/LiDA103_fr\/Remix_game\/Remix_3\", site_id: \"0e3d258fbd36841f92259eefcd41d5e9\", path_id: \"697b216cdcde229770e060048a4e0164\" };\n<\/script><\/div>\n<\/div>\n<footer><\/footer>\n","protected":false},"excerpt":{"rendered":"<p>D\u00e9terminez s\u2019il est possible de cr\u00e9er une \u0153uvre composite \u00e0 partir des ressources suivantes et de la publier l\u00e9galement, puis r\u00e9pondez aux questions ci-dessous. Cette activit\u00e9 s\u2019inspire de la version en ligne de l\u2019OER Remix Game de David Wiley. \u2190 Pr\u00e9c\u00e9dent Suivant \u2192<\/p>\n","protected":false},"author":1,"featured_media":0,"parent":14232,"menu_order":0,"comment_status":"closed","ping_status":"closed","template":"","meta":{"footnotes":""},"class_list":["post-14242","page","type-page","status-publish","hentry"],"_links":{"self":[{"href":"https:\/\/course.oeru.org\/lida103-fr\/wp-json\/wp\/v2\/pages\/14242","targetHints":{"allow":["GET"]}}],"collection":[{"href":"https:\/\/course.oeru.org\/lida103-fr\/wp-json\/wp\/v2\/pages"}],"about":[{"href":"https:\/\/course.oeru.org\/lida103-fr\/wp-json\/wp\/v2\/types\/page"}],"author":[{"embeddable":true,"href":"https:\/\/course.oeru.org\/lida103-fr\/wp-json\/wp\/v2\/users\/1"}],"replies":[{"embeddable":true,"href":"https:\/\/course.oeru.org\/lida103-fr\/wp-json\/wp\/v2\/comments?post=14242"}],"version-history":[{"count":1,"href":"https:\/\/course.oeru.org\/lida103-fr\/wp-json\/wp\/v2\/pages\/14242\/revisions"}],"predecessor-version":[{"id":14243,"href":"https:\/\/course.oeru.org\/lida103-fr\/wp-json\/wp\/v2\/pages\/14242\/revisions\/14243"}],"up":[{"embeddable":true,"href":"https:\/\/course.oeru.org\/lida103-fr\/wp-json\/wp\/v2\/pages\/14232"}],"wp:attachment":[{"href":"https:\/\/course.oeru.org\/lida103-fr\/wp-json\/wp\/v2\/media?parent=14242"}],"curies":[{"name":"wp","href":"https:\/\/api.w.org\/{rel}","templated":true}]}}