{"id":14250,"date":"2023-08-03T03:20:00","date_gmt":"2023-08-03T03:20:00","guid":{"rendered":"https:\/\/course.oeru.org\/lida103-fr\/?page_id=14250"},"modified":"2023-08-03T03:20:00","modified_gmt":"2023-08-03T03:20:00","slug":"lancez-vous-defi-pedagogique-des-4r","status":"publish","type":"page","link":"https:\/\/course.oeru.org\/lida103-fr\/modules\/jeu-compatibles-ou-non\/lancez-vous-defi-pedagogique-des-4r\/","title":{"rendered":"Lancez-vous \u2013 D\u00e9fi p\u00e9dagogique des 4R"},"content":{"rendered":"<div id=\"content\" class=\"mw-body container\" role=\"main\">\n<div class=\"row\">\n<div class=\"col-md-12\">\n<div class=\"panel\">\n<div class=\"panel-body\">\n<div id=\"bodyContent\">\n<div id=\"mw-content-text\" lang=\"en\" dir=\"ltr\" class=\"mw-content-ltr\"><div class=\"panel iDevice\">\n\t<div class=\"panel-heading idevice-heading\">\n\t\t<div>\n\t\t\t<img decoding=\"async\" class=\"pedagogicalicon\" alt=\"summary\" src=\"https:\/\/course.oeru.org\/lida103-fr\/wp-content\/themes\/oeru-course\/idevices\/Icon_summary.png\">\n\t\t<\/div>\n\t\t<div>\n\t\t\t<h2>Principe du d\u00e9fi<\/h2>\n\t\t<\/div>\n\t<\/div>\n\t<div class=\"panel-body\">\n\t\t<div class=\"col-md-12\">\n\t\t\t<\/p>\n<table>\n<tbody>\n<tr>\n<td width=\"100px\"><b>Principe<\/b>:<\/td>\n<td>R\u00e9utiliser, reformuler, r\u00e9arranger et redistribuer des ressources sous licence Creative Commons et formuler une r\u00e9flexion \u00e0 ce sujet<\/td>\n<\/tr>\n<tr>\n<td>\n<div class=\"floatleft\"><a href=\"https:\/\/wikieducator.org\/File:Time7.svg\" class=\"image\"><img loading=\"lazy\" decoding=\"async\" alt=\"Time7.svg\" src=\"\/\/wikieducator.org\/images\/thumb\/8\/88\/Time7.svg\/30px-Time7.svg.png\" width=\"30\" height=\"30\" class=\"img-responsive\"><\/a><\/div>\n<\/td>\n<td>2 heures<\/td>\n<\/tr>\n<\/tbody>\n<\/table>\n<p>\n<\/p>\n<p>\n\t\t<\/div>\n\t<\/div>\n<\/div><\/p>\n<p>\n<\/p>\n<h2><span class=\"mw-headline\" id=\"Commencez_ici\">Commencez ici<\/span><\/h2>\n<div class=\"panel iDevice\">\n\t<div class=\"panel-heading idevice-heading\">\n\t\t<div>\n\t\t\t<img decoding=\"async\" class=\"pedagogicalicon\" alt=\"web resources\" src=\"https:\/\/course.oeru.org\/lida103-fr\/wp-content\/themes\/oeru-course\/idevices\/Icon_inter.png\">\n\t\t<\/div>\n\t\t<div>\n\t\t\t<h2>Ressources pour vous inspirer<\/h2>\n\t\t<\/div>\n\t<\/div>\n\t<div class=\"panel-body\">\n\t\t<div class=\"col-md-12\">\n\t\t\t<\/p>\n<ul>\n<li> <a rel=\"nofollow\" class=\"external text\" href=\"https:\/\/search.creativecommons.org\/\">Recherche de contenus sous licence Creative Commons<\/a>\n<\/li>\n<li> <a rel=\"nofollow\" class=\"external text\" href=\"https:\/\/creativecommons.org\/faq\/fr\/#comment-puis-je-attribuer-correctement-un-mat%C3%A9riel-offert-sous-une-licence-creative-commons\">Comment attribuer la paternit\u00e9 d\u2019une \u0153uvre sous licence Creative Commons<\/a>\n<\/li>\n<li> <a rel=\"nofollow\" class=\"external text\" href=\"http:\/\/wiki.creativecommons.org\/Marking\/Users\">Best practices for attribution of CC works<\/a> (en anglais seulement)\n<\/li>\n<li> <a rel=\"nofollow\" class=\"external text\" href=\"http:\/\/openattribute.com\/\">Extension Open Attribute<\/a> (ne fonctionne pas sur tous les navigateurs).\n<\/li>\n<\/ul>\n<p>\n<\/p>\n<p>\n\t\t<\/div>\n\t<\/div>\n<\/div>\n<p>\n<\/p>\n<div class=\"panel iDevice\">\n\t<div class=\"panel-heading idevice-heading\">\n\t\t<div>\n\t\t\t<img decoding=\"async\" class=\"pedagogicalicon\" alt=\"preknowledge\" src=\"https:\/\/course.oeru.org\/lida103-fr\/wp-content\/themes\/oeru-course\/idevices\/Icon_preknowledge.png\">\n\t\t<\/div>\n\t\t<div>\n\t\t\t<h2>Pr\u00e9requis<\/h2>\n\t\t<\/div>\n\t<\/div>\n\t<div class=\"panel-body\">\n\t\t<div class=\"col-md-12\">\n\t\t\t<\/p>\n<p>Pour relever ce d\u00e9fi, vous aurez besoin de connaissances sur&nbsp;:\n<\/p>\n<ul>\n<li> <a href=\"\/lida103-fr\/modules\/droit-dauteur\/apercu\" title=\"Learning in a digital age\/LiDA103 fr\/Copyright\/Overview\">le droit d\u2019auteur<\/a>\n<\/li>\n<li> <a href=\"\/lida103-fr\/modules\/licences-creative-commons\/licences-cc\" title=\"Learning in a digital age\/LiDA103 fr\/Creative Commons\/Licenses\">les licences Creative Commons<\/a>\n<\/li>\n<li> <a href=\"\/lida103-fr\/modules\/licences-creative-commons\/oeuvres-composites-et-compatibilite\" title=\"Learning in a digital age\/LiDA103 fr\/Creative Commons\/Remix\">la compatibilit\u00e9 des licences Creative Commons<\/a>\n<\/li>\n<\/ul>\n<p>\n<\/p>\n<p>\n\t\t<\/div>\n\t<\/div>\n<\/div>\n<p>\n<\/p>\n<div class=\"panel iDevice\">\n\t<div class=\"panel-heading idevice-heading\">\n\t\t<div>\n\t\t\t<img decoding=\"async\" class=\"pedagogicalicon\" alt=\"objectives\" src=\"https:\/\/course.oeru.org\/lida103-fr\/wp-content\/themes\/oeru-course\/idevices\/Icon_objectives.png\">\n\t\t<\/div>\n\t\t<div>\n\t\t\t<h2>Objectif<\/h2>\n\t\t<\/div>\n\t<\/div>\n\t<div class=\"panel-body\">\n\t\t<div class=\"col-md-12\">\n\t\t\t<\/p>\n<p>L\u2019objectif de ce d\u00e9fi p\u00e9dagogique est&nbsp;:\n<\/p>\n<ul>\n<li> de vous proposer une exp\u00e9rience concr\u00e8te qui consiste \u00e0 rechercher et \u00e0 combiner des ressources publi\u00e9es sous licence Creative Commons&nbsp;;\n<\/li>\n<li> de tester vos connaissances sur la compatibilit\u00e9 des licences et sur le choix d\u2019une licence pour l\u2019\u0153uvre composite&nbsp;;\n<\/li>\n<li> de tester vos connaissances sur le droit d\u2019auteur et les licences Creative Commons en publiant sous licence ouverte une r\u00e9flexion sur cette exp\u00e9rience&nbsp;;\n<\/li>\n<li> de d\u00e9montrer comment citer correctement des documents publi\u00e9s sous licence Creative Commons.\n<\/li>\n<\/ul>\n<p>\n<\/p>\n<p>\n\t\t<\/div>\n\t<\/div>\n<\/div>\n<p><!-- \nNewPP limit report\nCPU time usage: 0.049 seconds\nReal time usage: 0.059 seconds\nPreprocessor visited node count: 481\/1000000\nPreprocessor generated node count: 1225\/1000000\nPost\u2010expand include size: 10785\/2097152 bytes\nTemplate argument size: 4080\/2097152 bytes\nHighest expansion depth: 8\/40\nExpensive parser function count: 0\/100\n--><\/p>\n<p><!-- Saved in parser cache with key we_en-mw_:pcache:idhash:188369-0!*!0!*!*!2!* and timestamp 20230802220816 and revision id 1085875\n -->\n<\/div>\n<div class=\"visualClear\"><\/div>\n<\/p><\/div>\n<\/p><\/div>\n<\/div>\n<\/div>\n<\/div>\n<div class=\"row\">\n<div class=\"col-md-12\">\n<ul class=\"pager\">\n<li class=\"previous\">\n            <a href=\"\/lida103-fr\/modules\/jeu-compatibles-ou-non\/oeuvre-composite-6\">\u2190 Pr\u00e9c\u00e9dent<\/a>\n          <\/li>\n<li class=\"next\">\n            <a href=\"\/lida103-fr\/modules\/jeu-compatibles-ou-non\/exercices-defi-pedagogique-des-4r\">Suivant \u2192<\/a>\n          <\/li>\n<\/ul><\/div>\n<\/p><\/div>\n<div id=\"wenote-ids\"><script type='text\/javascript' id='wenotes-ids'>\n    var WEnotesSite = \"https:\/\/wikieducator.org\";\n    var WEnotesPath = \"\/Learning_in_a_digital_age\/LiDA103_fr\/Remix_game\/Start_4R_challenge\";\n    var WEnotesSiteID = \"0e3d258fbd36841f92259eefcd41d5e9\";\n    var WEnotesPathID = \"08f3314133a4032e23d1d069502ee09b\";\n    var WEnotesIDs = { site: \"https:\/\/wikieducator.org\", path: \"\/Learning_in_a_digital_age\/LiDA103_fr\/Remix_game\/Start_4R_challenge\", site_id: \"0e3d258fbd36841f92259eefcd41d5e9\", path_id: \"08f3314133a4032e23d1d069502ee09b\" };\n<\/script><\/div>\n<\/div>\n<footer><\/footer>\n","protected":false},"excerpt":{"rendered":"<p>Commencez ici \u2190 Pr\u00e9c\u00e9dent Suivant \u2192<\/p>\n","protected":false},"author":1,"featured_media":0,"parent":14232,"menu_order":0,"comment_status":"closed","ping_status":"closed","template":"","meta":{"footnotes":""},"class_list":["post-14250","page","type-page","status-publish","hentry"],"_links":{"self":[{"href":"https:\/\/course.oeru.org\/lida103-fr\/wp-json\/wp\/v2\/pages\/14250","targetHints":{"allow":["GET"]}}],"collection":[{"href":"https:\/\/course.oeru.org\/lida103-fr\/wp-json\/wp\/v2\/pages"}],"about":[{"href":"https:\/\/course.oeru.org\/lida103-fr\/wp-json\/wp\/v2\/types\/page"}],"author":[{"embeddable":true,"href":"https:\/\/course.oeru.org\/lida103-fr\/wp-json\/wp\/v2\/users\/1"}],"replies":[{"embeddable":true,"href":"https:\/\/course.oeru.org\/lida103-fr\/wp-json\/wp\/v2\/comments?post=14250"}],"version-history":[{"count":1,"href":"https:\/\/course.oeru.org\/lida103-fr\/wp-json\/wp\/v2\/pages\/14250\/revisions"}],"predecessor-version":[{"id":14251,"href":"https:\/\/course.oeru.org\/lida103-fr\/wp-json\/wp\/v2\/pages\/14250\/revisions\/14251"}],"up":[{"embeddable":true,"href":"https:\/\/course.oeru.org\/lida103-fr\/wp-json\/wp\/v2\/pages\/14232"}],"wp:attachment":[{"href":"https:\/\/course.oeru.org\/lida103-fr\/wp-json\/wp\/v2\/media?parent=14250"}],"curies":[{"name":"wp","href":"https:\/\/api.w.org\/{rel}","templated":true}]}}