{"id":14252,"date":"2023-08-03T03:20:02","date_gmt":"2023-08-03T03:20:02","guid":{"rendered":"https:\/\/course.oeru.org\/lida103-fr\/?page_id=14252"},"modified":"2023-08-03T03:20:02","modified_gmt":"2023-08-03T03:20:02","slug":"exercices-defi-pedagogique-des-4r","status":"publish","type":"page","link":"https:\/\/course.oeru.org\/lida103-fr\/modules\/jeu-compatibles-ou-non\/exercices-defi-pedagogique-des-4r\/","title":{"rendered":"Exercices \u2013 D\u00e9fi p\u00e9dagogique des 4R"},"content":{"rendered":"<div id=\"content\" class=\"mw-body container\" role=\"main\">\n<div class=\"row\">\n<div class=\"col-md-12\">\n<div class=\"panel\">\n<div class=\"panel-body\">\n<div id=\"bodyContent\">\n<div id=\"mw-content-text\" lang=\"en\" dir=\"ltr\" class=\"mw-content-ltr\">\n<ol>\n<li> Choisissez un concept ou une id\u00e9e pour servir de th\u00e8me \u00e0 un article de blog qui int\u00e9ressera les autres apprenants. Le sujet peut avoir trait \u00e0 votre domaine d\u2019\u00e9tude ou \u00e0 un centre d\u2019int\u00e9r\u00eat. R\u00e9fl\u00e9chissez attentivement: la nature du sujet que vous traitez peut exercer une influence sur la jouissance du droit d\u2019auteur prot\u00e9geant le contenu que vous publiez aux termes de votre contrat de travail.\n<\/li>\n<li> R\u00e9fl\u00e9chissez \u00e0 la licence Creative Commons que vous voulez appliquer \u00e0 votre article de blog, puisque ce choix pourrait influencer vos param\u00e8tres de recherche pour les documents sous licence ouverte que vous r\u00e9utiliserez.\n<\/li>\n<li> Avant de commencer \u00e0 chercher des \u0153uvres sous licence Creative Commons, veuillez prendre connaissance des instructions des <a rel=\"nofollow\" class=\"external text\" href=\"https:\/\/wikieducator.org\/index.php?title=Learning_in_a_digital_age\/LiDA103_fr\/Remix_game\/Outputs_4R_challenge\">activit\u00e9s de mise en pratique<\/a> concernant les licences des documents que vous int\u00e9grerez \u00e0 votre \u0153uvre composite sur votre blog.\n<\/li>\n<li> Recherchez un texte sous licence ouverte qui aborde votre concept ou votre id\u00e9e et que vous pouvez reproduire, r\u00e9utiliser et modifier dans votre article de blog.\n<\/li>\n<li> Recherchez quelques images que vous pouvez utiliser pour illustrer ou agr\u00e9menter votre article de blog. Ainsi, vous pouvez choisir la \u00ab\u2009meilleure\u2009\u00bb image de cette s\u00e9lection. N\u2019oubliez pas de mettre un marque-page ou de noter l\u2019adresse des images que vous trouvez, car vous aurez besoin du lien pour les citer.\n<\/li>\n<li> Astuce: lorsque vous utilisez les moteurs de recherche pour choisir des \u0153uvres sous licence pr\u00e9cise, v\u00e9rifiez toujours la licence et les conditions g\u00e9n\u00e9rales d\u2019utilisation sur le site d\u2019origine. En cas de doute, partez du principe que tous les droits sont r\u00e9serv\u00e9s, m\u00eame si le moteur de recherche affirme le contraire.\n<\/li>\n<\/ol>\n<p><!-- \nNewPP limit report\nCPU time usage: 0.002 seconds\nReal time usage: 0.002 seconds\nPreprocessor visited node count: 1\/1000000\nPreprocessor generated node count: 4\/1000000\nPost\u2010expand include size: 0\/2097152 bytes\nTemplate argument size: 0\/2097152 bytes\nHighest expansion depth: 1\/40\nExpensive parser function count: 0\/100\n--><\/p>\n<p><!-- Saved in parser cache with key we_en-mw_:pcache:idhash:188370-0!*!*!*!*!*!* and timestamp 20230802220816 and revision id 1085299\n -->\n<\/div>\n<div class=\"visualClear\"><\/div>\n<\/p><\/div>\n<\/p><\/div>\n<\/div>\n<\/div>\n<\/div>\n<div class=\"row\">\n<div class=\"col-md-12\">\n<ul class=\"pager\">\n<li class=\"previous\">\n            <a href=\"\/lida103-fr\/modules\/jeu-compatibles-ou-non\/lancez-vous-defi-pedagogique-des-4r\">\u2190 Pr\u00e9c\u00e9dent<\/a>\n          <\/li>\n<li class=\"next\">\n            <a href=\"\/lida103-fr\/modules\/jeu-compatibles-ou-non\/mise-en-pratique-defi-pedagogique-des-4r\">Suivant \u2192<\/a>\n          <\/li>\n<\/ul><\/div>\n<\/p><\/div>\n<div id=\"wenote-ids\"><script type='text\/javascript' id='wenotes-ids'>\n    var WEnotesSite = \"https:\/\/wikieducator.org\";\n    var WEnotesPath = \"\/Learning_in_a_digital_age\/LiDA103_fr\/Remix_game\/Tasks_4R_challenge\";\n    var WEnotesSiteID = \"0e3d258fbd36841f92259eefcd41d5e9\";\n    var WEnotesPathID = \"bcd941fd8be37c9ec681b335731a4be7\";\n    var WEnotesIDs = { site: \"https:\/\/wikieducator.org\", path: \"\/Learning_in_a_digital_age\/LiDA103_fr\/Remix_game\/Tasks_4R_challenge\", site_id: \"0e3d258fbd36841f92259eefcd41d5e9\", path_id: \"bcd941fd8be37c9ec681b335731a4be7\" };\n<\/script><\/div>\n<\/div>\n<footer><\/footer>\n","protected":false},"excerpt":{"rendered":"<p>Choisissez un concept ou une id\u00e9e pour servir de th\u00e8me \u00e0 un article de blog qui int\u00e9ressera les autres apprenants. Le sujet peut avoir trait \u00e0 votre domaine d\u2019\u00e9tude ou \u00e0 un centre d\u2019int\u00e9r\u00eat. R\u00e9fl\u00e9chissez attentivement: la nature du sujet que vous traitez peut exercer une influence sur la jouissance du droit d\u2019auteur prot\u00e9geant le [&hellip;]<\/p>\n","protected":false},"author":1,"featured_media":0,"parent":14232,"menu_order":0,"comment_status":"closed","ping_status":"closed","template":"","meta":{"footnotes":""},"class_list":["post-14252","page","type-page","status-publish","hentry"],"_links":{"self":[{"href":"https:\/\/course.oeru.org\/lida103-fr\/wp-json\/wp\/v2\/pages\/14252","targetHints":{"allow":["GET"]}}],"collection":[{"href":"https:\/\/course.oeru.org\/lida103-fr\/wp-json\/wp\/v2\/pages"}],"about":[{"href":"https:\/\/course.oeru.org\/lida103-fr\/wp-json\/wp\/v2\/types\/page"}],"author":[{"embeddable":true,"href":"https:\/\/course.oeru.org\/lida103-fr\/wp-json\/wp\/v2\/users\/1"}],"replies":[{"embeddable":true,"href":"https:\/\/course.oeru.org\/lida103-fr\/wp-json\/wp\/v2\/comments?post=14252"}],"version-history":[{"count":1,"href":"https:\/\/course.oeru.org\/lida103-fr\/wp-json\/wp\/v2\/pages\/14252\/revisions"}],"predecessor-version":[{"id":14253,"href":"https:\/\/course.oeru.org\/lida103-fr\/wp-json\/wp\/v2\/pages\/14252\/revisions\/14253"}],"up":[{"embeddable":true,"href":"https:\/\/course.oeru.org\/lida103-fr\/wp-json\/wp\/v2\/pages\/14232"}],"wp:attachment":[{"href":"https:\/\/course.oeru.org\/lida103-fr\/wp-json\/wp\/v2\/media?parent=14252"}],"curies":[{"name":"wp","href":"https:\/\/api.w.org\/{rel}","templated":true}]}}