{"id":14262,"date":"2023-08-03T03:20:12","date_gmt":"2023-08-03T03:20:12","guid":{"rendered":"https:\/\/course.oeru.org\/lida103-fr\/?page_id=14262"},"modified":"2023-08-03T03:20:12","modified_gmt":"2023-08-03T03:20:12","slug":"logiciels-libres-et-logiciels-open-source","status":"publish","type":"page","link":"https:\/\/course.oeru.org\/lida103-fr\/modules\/dimensions-du-libre-acces\/logiciels-libres-et-logiciels-open-source\/","title":{"rendered":"Logiciels libres et logiciels open source"},"content":{"rendered":"<div id=\"content\" class=\"mw-body container\" role=\"main\">\n<div class=\"row\">\n<div class=\"col-md-12\">\n<div class=\"panel\">\n<div class=\"panel-body\">\n<div id=\"bodyContent\">\n<div id=\"mw-content-text\" lang=\"en\" dir=\"ltr\" class=\"mw-content-ltr\">\n<div class=\"thumb tright\">\n<div class=\"thumbinner thumbnail\" style=\"width:322px;\"><a href=\"https:\/\/wikieducator.org\/File:Heckert_GNU_white.svg\" class=\"image\"><img loading=\"lazy\" decoding=\"async\" alt=\"\" src=\"\/\/wikieducator.org\/images\/thumb\/2\/22\/Heckert_GNU_white.svg\/320px-Heckert_GNU_white.svg.png\" width=\"320\" height=\"313\" class=\"thumbimage img-responsive\"><\/a>  <\/p>\n<div class=\"thumbcaption\">Logo du projet GNU, initiateur du mouvement du logiciel libre.<\/div>\n<\/div>\n<\/div>\n<p> Le mouvement des logiciels libres et des logiciels open source repose sur les principes d\u00e9mocratiques de la libert\u00e9 d\u2019expression, en particulier du respect des choix individuels concernant l\u2019utilisation de logiciels.<\/p>\n<p>Ces logiciels sont largement utilis\u00e9s dans le monde num\u00e9rique d\u2019aujourd\u2019hui. Par exemple, la majorit\u00e9 des sites Internet (86&nbsp;% <sup id=\"cite_ref-1\" class=\"reference\"><a href=\"#cite_note-1\">[1]<\/a><\/sup>) sont mis en \u0153uvre par des logiciels libres de serveur Web (Apache et NGINX). Saviez-vous que le syst\u00e8me d\u2019exploitation Android, dont sont dot\u00e9s 88&nbsp;% des t\u00e9l\u00e9phones portables (2015), est bas\u00e9 sur le syst\u00e8me d\u2019exploitation open source Linux&nbsp;?\n<\/p>\n<p><br style=\"clear:both;\">\n<\/p>\n<div class=\"panel iDevice\">\n\t<div class=\"panel-heading idevice-heading\">\n\t\t<div>\n\t\t\t<img decoding=\"async\" class=\"pedagogicalicon\" alt=\"definitions\" src=\"https:\/\/course.oeru.org\/lida103-fr\/wp-content\/themes\/oeru-course\/idevices\/Icon_define.png\">\n\t\t<\/div>\n\t\t<div>\n\t\t\t<h2>D\u00e9finitions<\/h2>\n\t\t<\/div>\n\t<\/div>\n\t<div class=\"panel-body\">\n\t\t<div class=\"col-md-12\">\n\t\t\t<\/p>\n<dl>\n<dt>Logiciels libres et logiciels open source (FOSS)\n<\/dt>\n<dd>Les FOSS sont des logiciels publi\u00e9s sous licence ouverte afin de permettre aux utilisateurs de s\u2019en servir, de les copier et de les distribuer librement. La caract\u00e9ristique principale des FOSS r\u00e9side dans la mise \u00e0 disposition du code source afin que chacun puisse am\u00e9liorer ces logiciels.\n<\/dd>\n<dt>Formats de fichier ouverts\n<\/dt>\n<dd>Le <a href=\"http:\/\/en.wikipedia.org\/wiki\/fr:standard_ouvert\" class=\"extiw\" title=\"w:fr:standard ouvert\">format ouvert<\/a> est un format de fichier utilis\u00e9 pour stocker des donn\u00e9es num\u00e9riques qui repose sur des sp\u00e9cifications habituellement d\u00e9finies par des organismes de normalisation et qui peut \u00eatre utilis\u00e9 ou int\u00e9gr\u00e9 par tout un chacun. Un format ouvert peut se retrouver dans des logiciels propri\u00e9taires comme dans des FOSS. (Par exemple, le format d\u2019image <a href=\"http:\/\/en.wikipedia.org\/wiki\/fr:Portable_Network_Graphics\" class=\"extiw\" title=\"w:fr:Portable Network Graphics\">PNG<\/a> ou le langage de balisage <a href=\"http:\/\/en.wikipedia.org\/wiki\/fr:HTML\" class=\"extiw\" title=\"w:fr:HTML\">HTML<\/a>, utilis\u00e9 pour cr\u00e9er des pages Web.)\n<\/dd>\n<dt>Normes ouvertes\n<\/dt>\n<dd>Une <a href=\"http:\/\/en.wikipedia.org\/wiki\/fr:format_ouvert\" class=\"extiw\" title=\"w:fr:format ouvert\">norme ouverte<\/a> est une norme qui est accessible \u00e0 tous et qui s\u2019accompagne g\u00e9n\u00e9ralement de plusieurs droits. Parfois, les normes ouvertes sont adopt\u00e9es par des organismes internationaux de normalisation tels que l\u2019<a href=\"http:\/\/en.wikipedia.org\/wiki\/fr:International_Organization_for_Standardization\" class=\"extiw\" title=\"w:fr:International Organization for Standardization\">Organisation internationale de normalisation<\/a> (ISO). Ainsi, une norme peut \u00eatre propri\u00e9taire, mais lorsqu\u2019elle est publi\u00e9e librement sans restriction, les d\u00e9veloppeurs de logiciels open source peuvent pr\u00e9voir sa lisibilit\u00e9. (Par exemple&nbsp;: le <a href=\"http:\/\/en.wikipedia.org\/wiki\/fr:Portable_Document_Format\" class=\"extiw\" title=\"w:fr:Portable Document Format\">PDF<\/a>, le format d\u2019image <a href=\"http:\/\/en.wikipedia.org\/wiki\/fr:JPEG\" class=\"extiw\" title=\"w:fr:JPEG\">JPEG<\/a> et l\u2019<a href=\"http:\/\/en.wikipedia.org\/wiki\/fr:OpenDocument\" class=\"extiw\" title=\"w:fr:OpenDocument\">Open Document Format<\/a> (ODF).)\n<\/dd>\n<\/dl>\n<p>\n<\/p>\n<p>\n\t\t<\/div>\n\t<\/div>\n<\/div>\n<p>\n<\/p>\n<h2><span class=\"mw-headline\" id=\"Objectif\">Objectif<\/span><\/h2>\n<p>Il est important de se familiariser avec les FOSS pour diff\u00e9rentes raisons&nbsp;:\n<\/p>\n<ul>\n<li> <i>\u00e9conomiques<\/i>&nbsp;: pour vous, votre famille ou vos amis, le choix d\u2019utiliser des FOSS pourrait se traduire par des \u00e9conomies consid\u00e9rables par rapport aux logiciels propri\u00e9taires;\n<\/li>\n<li> <i>\u00e9thiques<\/i>&nbsp;: l\u2019utilisation de logiciels libres r\u00e9duit le risque que certaines personnes, en particulier celles qui n\u2019ont pas les moyens d\u2019assumer le co\u00fbt d\u2019achat d\u2019une licence, aient recours au piratage de logiciels propri\u00e9taires;\n<\/li>\n<li> <i>citoyennes<\/i>&nbsp;: il faut savoir que les utilisateurs de FOSS risquent de ne pouvoir ni ouvrir des formats de fichiers propri\u00e9taires, ni utiliser des polices de caract\u00e8re propri\u00e9taires, ni proposer leurs fichiers dans un format propri\u00e9taire.\n<\/li>\n<\/ul>\n<h2><span class=\"mw-headline\" id=\"Libert.C3.A9s_essentielles\">Libert\u00e9s essentielles<\/span><\/h2>\n<div class=\"thumb tright\">\n<div class=\"thumbinner thumbnail\" style=\"width:252px;\"><a href=\"https:\/\/wikieducator.org\/File:Richard_Stallman.jpg\" class=\"image\"><img loading=\"lazy\" decoding=\"async\" alt=\"\" src=\"\/\/wikieducator.org\/images\/thumb\/4\/4a\/Richard_Stallman.jpg\/250px-Richard_Stallman.jpg\" width=\"250\" height=\"274\" class=\"thumbimage img-responsive\"><\/a>  <\/p>\n<div class=\"thumbcaption\">Richard Stallman du projet <a rel=\"nofollow\" class=\"external text\" href=\"http:\/\/www.gnu.org\/\">GNU<\/a>, un syst\u00e8me d\u2019exploitation constitu\u00e9 de logiciels libres<\/div>\n<\/div>\n<\/div>\n<p><a href=\"http:\/\/en.wikipedia.org\/wiki\/fr:Richard_Stallman\" class=\"extiw\" title=\"w:fr:Richard Stallman\">Richard Stallman<\/a>, l\u2019un des fondateurs du mouvement du logiciel libre, souligne l\u2019importance de conna\u00eetre la signification de la notion \u00ab\u2009libert\u00e9\u2009\u00bb dans le contexte du logiciel libre. Faute de quoi, il est difficile de d\u00e9fendre la libert\u00e9, qui nous \u00e9chappe facilement. Les utilisateurs de logiciels libres jouissent de quatre libert\u00e9s essentielles&nbsp;:<\/p>\n<ul>\n<li> <b>la libert\u00e9 d\u2019utiliser<\/b> le programme, quel qu\u2019en soit l\u2019usage (libert\u00e9 0)&nbsp;;\n<\/li>\n<li> <b>la libert\u00e9 d\u2019\u00e9tudier<\/b> le fonctionnement du programme et d\u2019adapter ce dernier \u00e0 leurs besoins (libert\u00e9 1); l\u2019acc\u00e8s au code source en est la condition pr\u00e9alable&nbsp;;\n<\/li>\n<li> <b>la libert\u00e9 de redistribuer<\/b> des copies sans restriction (libert\u00e9 2)&nbsp;;\n<\/li>\n<li> <b>la libert\u00e9 d\u2019am\u00e9liorer<\/b> le programme et de diffuser leurs am\u00e9liorations aupr\u00e8s du public afin que la communaut\u00e9 tout enti\u00e8re en b\u00e9n\u00e9ficie (libert\u00e9 3)&nbsp;; l\u2019acc\u00e8s au code source en est la condition pr\u00e9alable.\n<\/li>\n<\/ul>\n<p>\nSi l\u2019une de ces libert\u00e9s manque \u00e0 l\u2019appel, il ne s\u2019agit pas d\u2019un logiciel libre. Tel est le cas des gratuiciels, des logiciels prot\u00e9g\u00e9s que vous pouvez t\u00e9l\u00e9charger gratuitement, mais qui interdisent l\u2019acc\u00e8s \u00e0 leur code source: il ne s\u2019agit donc <b>pas<\/b> de logiciels libres. (Les logiciels libres ne doivent pas \u00eatre confondus avec les logiciels propri\u00e9taires \u00abfreemium\u00bb [mod\u00e8le semi-payant], qui peuvent \u00eatre t\u00e9l\u00e9charg\u00e9s gratuitement, mais qui interdisent l\u2019acc\u00e8s \u00e0 leur code source, limitant ainsi la libert\u00e9 d\u2019am\u00e9liorer et de redistribuer le programme.)\n<\/p>\n<h2><span class=\"mw-headline\" id=\"Exemples_de_logiciels_open_source_populaires\">Exemples de logiciels open source populaires<\/span><\/h2>\n<ul>\n<li> <i>Syst\u00e8mes d\u2019exploitation<\/i>: les syst\u00e8mes d\u2019exploitation GNU ou Linux et leurs nombreuses distributions, par exemple <a rel=\"nofollow\" class=\"external text\" href=\"https:\/\/www.debian.org\/\">Debian<\/a>, <a rel=\"nofollow\" class=\"external text\" href=\"https:\/\/ubuntu-fr.org\/\">Ubuntu<\/a> et <a rel=\"nofollow\" class=\"external text\" href=\"https:\/\/linuxmint.com\/\">Linux Mint<\/a> (voir <a href=\"http:\/\/en.wikipedia.org\/wiki\/fr:Liste_des_distributions_GNU\/Linux\" class=\"extiw\" title=\"w:fr:Liste des distributions GNU\/Linux\">distributions GNU\/Linux<\/a>).\n<\/li>\n<li> <i>Navigateurs<\/i>: <a rel=\"nofollow\" class=\"external text\" href=\"https:\/\/www.mozilla.org\/fr\/exp\/firefox\/\">Firefox<\/a>, <a rel=\"nofollow\" class=\"external text\" href=\"https:\/\/chromium.woolyss.com\/\">Chromium<\/a>.\n<\/li>\n<li> <i>Bureautique<\/i>: <a rel=\"nofollow\" class=\"external text\" href=\"https:\/\/fr.libreoffice.org\/\">LibreOffice<\/a>, <a rel=\"nofollow\" class=\"external text\" href=\"https:\/\/www.openoffice.org\/fr\/\">Apache OpenOffice<\/a>.\n<\/li>\n<li> <i>Cr\u00e9ation graphique<\/i>: <a rel=\"nofollow\" class=\"external text\" href=\"https:\/\/www.gimp.org\/downloads\/index-comments.html\">Gimp<\/a>, <a rel=\"nofollow\" class=\"external text\" href=\"https:\/\/inkscape.org\/fr\/release\/inkscape-1.0\/\">Inkscape<\/a>.\n<\/li>\n<\/ul>\n<p>(Visitez le site <a rel=\"nofollow\" class=\"external text\" href=\"https:\/\/opensource.com\/alternatives\">Open Source Alternatives<\/a> pour d\u00e9couvrir d\u2019autres applications open source.)\n<\/p>\n<div class=\"panel iDevice\">\n\t<div class=\"panel-heading idevice-heading\">\n\t\t<div>\n\t\t\t<img decoding=\"async\" class=\"pedagogicalicon\" alt=\"activity\" src=\"https:\/\/course.oeru.org\/lida103-fr\/wp-content\/themes\/oeru-course\/idevices\/Icon_activity.png\">\n\t\t<\/div>\n\t\t<div>\n\t\t\t<h2>Activit\u00e9 de r\u00e9flexion sur WeNote<\/h2>\n\t\t<\/div>\n\t<\/div>\n\t<div class=\"panel-body\">\n\t\t<div class=\"col-md-12\">\n\t\t\t<\/p>\n<p>Faites part de vos observations et de votre exp\u00e9rience en mati\u00e8re de FOSS en publiant un commentaire WeNote, par exemple&nbsp;:\n<\/p>\n<ul>\n<li> <i>J\u2019utilise les FOSS, car\u2026<\/i>\n<\/li>\n<li> <i>Je n\u2019utilise pas les FOSS, car\u2026<\/i>\n<\/li>\n<li> <i>Les \u00e9tablissements ont le droit\/n\u2019ont pas le droit d\u2019imposer des formats de fichier propri\u00e9taires pour le rendu des devoirs, car\u2026<\/i>\n<\/li>\n<li> <i>Les apprenants devraient\/ne devraient pas avoir le droit de choisir leurs propres outils logiciels, car\u2026<\/i>\n<\/li>\n<li> <i>Autres?<\/i>\n<\/li>\n<\/ul>\n<p><\/p>\n<p><div><p>Vous devez \u00eatre connect\u00e9 pour publier sur WEnotes.<\/p><\/div><\/p>\n<p><i>Note&nbsp;: Votre commentaire s\u2019affichera sur le <a href=\"\/lida103-fr\/communications\/fil-dactualite-du-cours\" title=\"Learning in a digital age\/LiDA103 fr\/Feed\">fil d\u2019actualit\u00e9 du cours<\/a>.<\/i>\n<\/p>\n<p>\n<\/p>\n<p>\n\t\t<\/div>\n\t<\/div>\n<\/div>\n<p>\n<\/p>\n<div class=\"panel iDevice\">\n\t<div class=\"panel-heading idevice-heading\">\n\t\t<div>\n\t\t\t<img decoding=\"async\" class=\"pedagogicalicon\" alt=\"activity\" src=\"https:\/\/course.oeru.org\/lida103-fr\/wp-content\/themes\/oeru-course\/idevices\/Icon_activity.png\">\n\t\t<\/div>\n\t\t<div>\n\t\t\t<h2>Activit\u00e9<\/h2>\n\t\t<\/div>\n\t<\/div>\n\t<div class=\"panel-body\">\n\t\t<div class=\"col-md-12\">\n\t\t\t<\/p>\n<ol>\n<li> D\u00e9crivez votre environnement de travail ou d\u2019apprentissage.\n<\/li>\n<li> Examinez-y l\u2019utilisation de logiciels libres et de logiciels open source.\n<\/li>\n<li> Rep\u00e9rez-y les \u00e9l\u00e9ments d\u00e9favorables et favorables \u00e0 l\u2019adoption de logiciels libres et de logiciels open source.\n<\/li>\n<li> Cernez-y les trois principaux enjeux des logiciels libres et des logiciels open source pour l\u2019apprentissage \u00e0 l\u2019\u00e8re du num\u00e9rique.\n<\/li>\n<\/ol>\n<p>\n<\/p>\n<p>\n\t\t<\/div>\n\t<\/div>\n<\/div>\n<p>\n<\/p>\n<h2><span class=\"mw-headline\" id=\"R.C3.A9f.C3.A9rences\">R\u00e9f\u00e9rences<\/span><\/h2>\n<ol class=\"references\">\n<li id=\"cite_note-1\"><span class=\"mw-cite-backlink\"><a href=\"#cite_ref-1\">\u2191<\/a><\/span> <span class=\"reference-text\">Voir par exemple les <a rel=\"nofollow\" class=\"external text\" href=\"https:\/\/w3techs.com\/technologies\/overview\/web_server\">statistiques d\u2019utilisation des serveurs pour les sites Web<\/a>, publi\u00e9es par W3Techs.<\/span>\n<\/li>\n<\/ol>\n<p><!-- \nNewPP limit report\nCPU time usage: 0.124 seconds\nReal time usage: 1.041 seconds\nPreprocessor visited node count: 319\/1000000\nPreprocessor generated node count: 1074\/1000000\nPost\u2010expand include size: 10179\/2097152 bytes\nTemplate argument size: 5616\/2097152 bytes\nHighest expansion depth: 7\/40\nExpensive parser function count: 0\/100\n--><\/p>\n<p><!-- Saved in parser cache with key we_en-mw_:pcache:idhash:188374-0!*!0!!en!2!* and timestamp 20230802205717 and revision id 1085885\n -->\n<\/div>\n<div class=\"visualClear\"><\/div>\n<\/p><\/div>\n<\/p><\/div>\n<\/div>\n<\/div>\n<\/div>\n<div class=\"row\">\n<div class=\"col-md-12\">\n<ul class=\"pager\">\n<li class=\"previous\">\n            <a href=\"\/lida103-fr\/modules\/dimensions-du-libre-acces\/libre-acces\">\u2190 Pr\u00e9c\u00e9dent<\/a>\n          <\/li>\n<li class=\"next\">\n            <a href=\"\/lida103-fr\/modules\/dimensions-du-libre-acces\/manuels-en-libre-acces\">Suivant \u2192<\/a>\n          <\/li>\n<\/ul><\/div>\n<\/p><\/div>\n<div id=\"wenote-ids\"><script type='text\/javascript' id='wenotes-ids'>\n    var WEnotesSite = \"https:\/\/wikieducator.org\";\n    var WEnotesPath = \"\/Learning_in_a_digital_age\/LiDA103_fr\/Dimensions_of_openness\/FOSS\";\n    var WEnotesSiteID = \"0e3d258fbd36841f92259eefcd41d5e9\";\n    var WEnotesPathID = \"155f67bf0aeb29a97074ae0f6531ce15\";\n    var WEnotesIDs = { site: \"https:\/\/wikieducator.org\", path: \"\/Learning_in_a_digital_age\/LiDA103_fr\/Dimensions_of_openness\/FOSS\", site_id: \"0e3d258fbd36841f92259eefcd41d5e9\", path_id: \"155f67bf0aeb29a97074ae0f6531ce15\" };\n<\/script><\/div>\n<\/div>\n<footer><\/footer>\n","protected":false},"excerpt":{"rendered":"<p>Logo du projet GNU, initiateur du mouvement du logiciel libre. Le mouvement des logiciels libres et des logiciels open source repose sur les principes d\u00e9mocratiques de la libert\u00e9 d\u2019expression, en particulier du respect des choix individuels concernant l\u2019utilisation de logiciels. Ces logiciels sont largement utilis\u00e9s dans le monde num\u00e9rique d\u2019aujourd\u2019hui. Par exemple, la majorit\u00e9 des [&hellip;]<\/p>\n","protected":false},"author":1,"featured_media":0,"parent":14256,"menu_order":0,"comment_status":"closed","ping_status":"closed","template":"","meta":{"footnotes":""},"class_list":["post-14262","page","type-page","status-publish","hentry"],"_links":{"self":[{"href":"https:\/\/course.oeru.org\/lida103-fr\/wp-json\/wp\/v2\/pages\/14262","targetHints":{"allow":["GET"]}}],"collection":[{"href":"https:\/\/course.oeru.org\/lida103-fr\/wp-json\/wp\/v2\/pages"}],"about":[{"href":"https:\/\/course.oeru.org\/lida103-fr\/wp-json\/wp\/v2\/types\/page"}],"author":[{"embeddable":true,"href":"https:\/\/course.oeru.org\/lida103-fr\/wp-json\/wp\/v2\/users\/1"}],"replies":[{"embeddable":true,"href":"https:\/\/course.oeru.org\/lida103-fr\/wp-json\/wp\/v2\/comments?post=14262"}],"version-history":[{"count":1,"href":"https:\/\/course.oeru.org\/lida103-fr\/wp-json\/wp\/v2\/pages\/14262\/revisions"}],"predecessor-version":[{"id":14263,"href":"https:\/\/course.oeru.org\/lida103-fr\/wp-json\/wp\/v2\/pages\/14262\/revisions\/14263"}],"up":[{"embeddable":true,"href":"https:\/\/course.oeru.org\/lida103-fr\/wp-json\/wp\/v2\/pages\/14256"}],"wp:attachment":[{"href":"https:\/\/course.oeru.org\/lida103-fr\/wp-json\/wp\/v2\/media?parent=14262"}],"curies":[{"name":"wp","href":"https:\/\/api.w.org\/{rel}","templated":true}]}}