{"id":14284,"date":"2023-08-03T03:20:34","date_gmt":"2023-08-03T03:20:34","guid":{"rendered":"https:\/\/course.oeru.org\/lida103-fr\/?page_id=14284"},"modified":"2023-08-03T03:20:34","modified_gmt":"2023-08-03T03:20:34","slug":"obtention-dune-attestation-de-participation","status":"publish","type":"page","link":"https:\/\/course.oeru.org\/lida103-fr\/evaluation\/obtention-dune-attestation-de-participation\/","title":{"rendered":"Obtention d\u2019une attestation de participation"},"content":{"rendered":"<div id=\"content\" class=\"mw-body container\" role=\"main\">\n<div class=\"row\">\n<div class=\"col-md-12\">\n<div class=\"panel\">\n<div class=\"panel-body\">\n<div id=\"bodyContent\">\n<div id=\"mw-content-text\" lang=\"en\" dir=\"ltr\" class=\"mw-content-ltr\">\n<div class=\"floatright\"><a href=\"https:\/\/wikieducator.org\/File:MCQ-Answer_sheet_with_hand.jpg\" class=\"image\"><img loading=\"lazy\" decoding=\"async\" alt=\"MCQ-Answer sheet with hand.jpg\" src=\"\/\/wikieducator.org\/images\/thumb\/d\/d5\/MCQ-Answer_sheet_with_hand.jpg\/320px-MCQ-Answer_sheet_with_hand.jpg\" width=\"320\" height=\"213\" class=\"img-responsive\"><\/a><\/div>\n<p>Vous pouvez attester de votre participation au cours <i>\u00c9ducation ouverte, droit d\u2019auteur et licences ouvertes Creative Commons dans un monde num\u00e9rique<\/i> (LiDA103fr), en passant un test en ligne sur vos connaissances fondamentales. Si vous avez r\u00e9ussi le test de connaissances, vous recevrez une <b>attestation<\/b> personnalis\u00e9e <b>de participation au cours LiDA103fr<\/b> au format PDF que vous pouvez imprimer, assortie d\u2019un code de v\u00e9rification destin\u00e9 \u00e0 vos employeurs.\u2009 Cette attestation inclut \u00e9galement un <b>badge num\u00e9rique de participation au cours LiDA103fr<\/b>.<\/p>\n<p><br style=\"clear:both;\">\n<\/p>\n<h2><span class=\"mw-headline\" id=\"Quel_est_le_principe.E2.80.89.3F\">Quel est le principe\u2009?<\/span><\/h2>\n<p>Pour attester de votre participation \u00e0 ce cours, vous devez r\u00e9ussir un test en ligne sur vos connaissances fondamentales. Ce test de connaissances porte sur des concepts abord\u00e9s dans le cours. Les apprenants qui ont travaill\u00e9 sur les ressources, les activit\u00e9s et les quiz sur le site du cours disposeront des connaissances n\u00e9cessaires \u00e0 sa validation.\n<\/p>\n<p>Le test en ligne est h\u00e9berg\u00e9 sur notre site Web moodle.oeru.org (voir le lien ci-dessous).\n<\/p>\n<h2><span class=\"mw-headline\" id=\"Puis-je_pr.C3.A9parer_le_test.E2.80.89.3F\">Puis-je pr\u00e9parer le test\u2009?<\/span><\/h2>\n<p>Oui\u2009! \u00c0 la fin de chaque module, vous trouverez plusieurs questions vrai ou faux et \u00e0 choix multiples, ainsi qu\u2019un commentaire sur les r\u00e9ponses correctes et incorrectes. Ces questions sont r\u00e9utilis\u00e9es dans le test de connaissances pour attester de votre participation. Vous pouvez consulter les questions du test de connaissances pour chaque module sur les liens suivants&nbsp;:\n<\/p>\n<ul>\n<li><a href=\"\/lida103-fr\/modules\/importance-du-libre-acces\/quiz\" title=\"Learning in a digital age\/LiDA103 fr\/Why open matters\/Quiz\">Importance du libre acc\u00e8s <\/a><\/li>\n<li><a href=\"\/lida103-fr\/modules\/comment-definir-les-rel\/quiz\" title=\"Learning in a digital age\/LiDA103 fr\/Defining OER\/Quiz\">Comment d\u00e9finir les REL <\/a><\/li>\n<li><a href=\"\/lida103-fr\/modules\/droit-dauteur\/quiz\" title=\"Learning in a digital age\/LiDA103 fr\/Copyright\/Quiz\">Droit d&rsquo;auteur<\/a><\/li>\n<li><a href=\"\/lida103-fr\/modules\/licences-creative-commons\/quiz\" title=\"Learning in a digital age\/LiDA103 fr\/Creative Commons\/Quiz\">Licences Creative Commons<\/a><\/li>\n<li><a href=\"\/lida103-fr\/modules\/dimensions-du-libre-acces\/quiz\" title=\"Learning in a digital age\/LiDA103 fr\/Dimensions of openness\/Quiz\">Dimensions du libre acc\u00e8s <\/a><\/li>\n<\/ul>\n<p>\n<\/p>\n<h2><span class=\"mw-headline\" id=\"En_quoi_consiste_le_test.E2.80.89.3F\">En quoi consiste le test\u2009?<\/span><\/h2>\n<p>Le tableau ci-dessous r\u00e9capitule les \u00e9l\u00e9ments qui composent les tests de connaissances propos\u00e9s par l\u2019OERu pour attester de votre participation&nbsp;:\n<\/p>\n<table class=\"oeru1 table table-striped\">\n<tbody>\n<tr>\n<th>\u00c9l\u00e9ment\n<\/th>\n<th>Nombre\n<\/th>\n<\/tr>\n<tr>\n<td>Questions vrai ou faux\n<\/td>\n<td>Entre 16 et 20\n<\/td>\n<\/tr>\n<tr>\n<td>Questions \u00e0 choix multiples\n<\/td>\n<td>Entre 16 et 20\n<\/td>\n<\/tr>\n<tr>\n<td>Estimation du temps n\u00e9cessaire\n<\/td>\n<td>20 \u00e0 30 minutes\n<\/td>\n<\/tr>\n<tr>\n<td>Score minimal pour obtenir la certification\n<\/td>\n<td>Au moins 50&nbsp;% de bonnes r\u00e9ponses\n<\/td>\n<\/tr>\n<\/tbody>\n<\/table>\n<h2><span class=\"mw-headline\" id=\"Quelles_sont_les_modalit.C3.A9s_d.E2.80.99attestation.E2.80.89.3F\">Quelles sont les modalit\u00e9s d\u2019attestation\u2009?<\/span><\/h2>\n<h3><span class=\"mw-headline\" id=\"Attestation_de_participation_et_badge_num.C3.A9rique\">Attestation de participation et badge num\u00e9rique<\/span><\/h3>\n<table class=\"oeru1 table table-striped\">\n<tbody>\n<tr>\n<th>\u00c9l\u00e9ment\n<\/th>\n<th>Pr\u00e9cisions\n<\/th>\n<\/tr>\n<tr>\n<td><b>Co\u00fbt<\/b>:\n<\/td>\n<td>Gratuit\n<\/td>\n<\/tr>\n<tr>\n<td><b>Lien&nbsp;:<\/b>\n<\/td>\n<td>\n<\/td>\n<\/tr>\n<tr>\n<td><b>Exemple:<\/b>\n<\/td>\n<td><a href=\"https:\/\/wikieducator.org\/images\/e\/e9\/LiDA101_Certificate_of_participation_example.pdf\" class=\"internal\" title=\"LiDA101 Certificate of participation example.pdf\">Exemple d\u2019attestation<\/a> (1,1MB)\n<\/td>\n<\/tr>\n<tr>\n<td><b>Nombre d\u2019essais&nbsp;:<\/b>\n<\/td>\n<td>Illimit\u00e9\n<\/td>\n<\/tr>\n<\/tbody>\n<\/table>\n<p>Si vous avez r\u00e9ussi le test de connaissances, nous vous enverrons un courriel contenant en pi\u00e8ce jointe, au format PDF, l&rsquo;<i>attestation de participation<\/i> \u00e0 ce cours.\n<\/p>\n<h2><span class=\"mw-headline\" id=\"Que_faire_de_mon_attestation_de_participation.E2.80.89.3F\">Que faire de mon attestation de participation\u2009?<\/span><\/h2>\n<p>Vous pouvez&nbsp;:\n<\/p>\n<ul>\n<li> t\u00e9l\u00e9charger \u00e0 tout moment une copie de votre attestation sur notre site\u2009;\n<\/li>\n<li> imprimer un exemplaire de votre attestation pour l\u2019afficher ou l\u2019inclure dans votre CV\u2009;\n<\/li>\n<li> communiquer \u00e0 votre employeur (ou \u00e0 d\u2019autres personnes int\u00e9ress\u00e9es) le code unique imprim\u00e9 sur l\u2019attestation, qui prouve que ce document a \u00e9t\u00e9 d\u00e9cern\u00e9 par l\u2019OERu, en lui envoyant le <a rel=\"nofollow\" class=\"external text\" href=\"https:\/\/moodle.oeru.org\/mod\/customcert\/verify_certificate.php\">lien de v\u00e9rification<\/a>.\n<\/li>\n<\/ul>\n<h2><span class=\"mw-headline\" id=\"Que_faire_de_mon_badge_num.C3.A9rique.E2.80.89.3F\">Que faire de mon badge num\u00e9rique\u2009?<\/span><\/h2>\n<p>Vous pouvez&nbsp;:\n<\/p>\n<ul>\n<li> afficher vos badges de l\u2019OERu sur votre profil, sur notre site moodle.oeru.org&nbsp;;\n<\/li>\n<li> t\u00e9l\u00e9charger une copie du badge\u2009;\n<\/li>\n<li> communiquer \u00e0 votre employeur ou \u00e0 d\u2019autres personnes int\u00e9ress\u00e9es un lien unique, qui prouve que ce badge a bien \u00e9t\u00e9 d\u00e9cern\u00e9 par l\u2019OERu\u2009; ce lien unique donne acc\u00e8s \u00e0 une page Web qui pr\u00e9cise les coordonn\u00e9es de l\u2019organisme remettant le badge ainsi que les crit\u00e8res de validation.\n<\/li>\n<\/ul>\n<p>\n<\/p>\n<h2><span class=\"mw-headline\" id=\"Engagement_sur_l.E2.80.99honneur_des_candidats\">Engagement sur l\u2019honneur des candidats<\/span><\/h2>\n<p>Les apprenants qui participent au test de connaissances de l\u2019OERu doivent faire preuve de la plus haute int\u00e9grit\u00e9 intellectuelle.\n<\/p>\n<p>Toutes les questions sont publi\u00e9es sur les sites des cours de l\u2019OERu\u2009; vous pouvez donc les consulter et vous entra\u00eener <b>avant<\/b> de passer le test. Si vous \u00e9chouez au test, vous pourrez le repasser dans la limite du nombre de tentatives autoris\u00e9es pr\u00e9cis\u00e9 sur cette page. Cependant, pendant le test, vous ne devez pas recevoir d\u2019aide. (Les apprenants en situation de handicap sont autoris\u00e9s \u00e0 avoir recours \u00e0 un lecteur humain ou \u00e0 un synth\u00e9tiseur vocal.)\n<\/p>\n<p>Tous les candidats devront souscrire \u00e0 la d\u00e9claration suivante avant de passer le test&nbsp;:\n<\/p>\n<p><i>\u00ab\u2009Je certifie que je n\u2019ai pas donn\u00e9 ou re\u00e7u d\u2019aide non autoris\u00e9e pendant le test et qu\u2019il s\u2019agit de mon travail personnel\u2009\u00bb<\/i>.\n<\/p>\n<p>Dans l\u2019\u00e9ventualit\u00e9 o\u00f9 la Fondation pour les REL d\u00e9c\u00e8lerait des atteintes \u00e0 ce code d\u2019honneur, elle se r\u00e9serverait le droit, \u00e0 son enti\u00e8re discr\u00e9tion, de retirer tout badge ou toute attestation qui vous aurait \u00e9t\u00e9 d\u00e9livr\u00e9(e) et\/ou de bannir votre compte d\u2019utilisateur de tous ses sites Web.\n<\/p>\n<h2><span class=\"mw-headline\" id=\"Besoin_d.27aide_.3F\">Besoin d&rsquo;aide&nbsp;?<\/span><\/h2>\n<p>Le site d\u2019aide de l\u2019OERu (en anglais seulement) vous indique comment&nbsp;:\n<\/p>\n<ul>\n<li> <a rel=\"nofollow\" class=\"external text\" href=\"https:\/\/wikieducator.org\/OERu_learner_support\/Links\/FAQs\/Moodle_account#Register_a_new_account_on_moodle.oeru.org\">cr\u00e9er <b>un nouveau compte<\/b> sur moodle.oeru.org<\/a>\n<\/li>\n<li> <a rel=\"nofollow\" class=\"external text\" href=\"https:\/\/wikieducator.org\/OERu_learner_support\/Links\/FAQs\/Moodle_account#Log_in_to_moodle.oeru.org_for_existing_account_holders\">vous connecter \u00e0 moodle.oeru.org si vous poss\u00e9dez <b>d\u00e9j\u00e0<\/b> un compte<\/a>\n<\/li>\n<\/ul>\n<p>\n<\/p>\n<p><!-- \nNewPP limit report\nCPU time usage: 0.017 seconds\nReal time usage: 0.021 seconds\nPreprocessor visited node count: 42\/1000000\nPreprocessor generated node count: 70\/1000000\nPost\u2010expand include size: 26\/2097152 bytes\nTemplate argument size: 0\/2097152 bytes\nHighest expansion depth: 2\/40\nExpensive parser function count: 0\/100\n--><\/p>\n<p><!-- Saved in parser cache with key we_en-mw_:pcache:idhash:188510-0!*!0!!en!2!* and timestamp 20230802220823 and revision id 1090976\n -->\n<\/div>\n<div class=\"visualClear\"><\/div>\n<\/p><\/div>\n<\/p><\/div>\n<\/div>\n<\/div>\n<\/div>\n<div class=\"row\">\n<div class=\"col-md-12\">\n<ul class=\"pager\">\n<li class=\"previous\">\n            <a href=\"\/lida103-fr\/evaluation\/modalites-de-certification-et-de-qualification\">\u2190 Pr\u00e9c\u00e9dent<\/a>\n          <\/li>\n<li class=\"next\">\n            <a href=\"\/lida103-fr\/evaluation\/obtention-dune-certification-de-competence\">Suivant \u2192<\/a>\n          <\/li>\n<\/ul><\/div>\n<\/p><\/div>\n<div id=\"wenote-ids\"><script type='text\/javascript' id='wenotes-ids'>\n    var WEnotesSite = \"https:\/\/wikieducator.org\";\n    var WEnotesPath = \"\/Learning_in_a_digital_age\/LiDA103_fr\/Assessment\/Certify_participation\";\n    var WEnotesSiteID = \"0e3d258fbd36841f92259eefcd41d5e9\";\n    var WEnotesPathID = \"64c36459c5ba890fd720bee1a5d2d9a6\";\n    var WEnotesIDs = { site: \"https:\/\/wikieducator.org\", path: \"\/Learning_in_a_digital_age\/LiDA103_fr\/Assessment\/Certify_participation\", site_id: \"0e3d258fbd36841f92259eefcd41d5e9\", path_id: \"64c36459c5ba890fd720bee1a5d2d9a6\" };\n<\/script><\/div>\n<\/div>\n<footer><\/footer>\n","protected":false},"excerpt":{"rendered":"<p>Vous pouvez attester de votre participation au cours \u00c9ducation ouverte, droit d\u2019auteur et licences ouvertes Creative Commons dans un monde num\u00e9rique (LiDA103fr), en passant un test en ligne sur vos connaissances fondamentales. Si vous avez r\u00e9ussi le test de connaissances, vous recevrez une attestation personnalis\u00e9e de participation au cours LiDA103fr au format PDF que vous [&hellip;]<\/p>\n","protected":false},"author":1,"featured_media":0,"parent":14280,"menu_order":0,"comment_status":"closed","ping_status":"closed","template":"","meta":{"footnotes":""},"class_list":["post-14284","page","type-page","status-publish","hentry"],"_links":{"self":[{"href":"https:\/\/course.oeru.org\/lida103-fr\/wp-json\/wp\/v2\/pages\/14284","targetHints":{"allow":["GET"]}}],"collection":[{"href":"https:\/\/course.oeru.org\/lida103-fr\/wp-json\/wp\/v2\/pages"}],"about":[{"href":"https:\/\/course.oeru.org\/lida103-fr\/wp-json\/wp\/v2\/types\/page"}],"author":[{"embeddable":true,"href":"https:\/\/course.oeru.org\/lida103-fr\/wp-json\/wp\/v2\/users\/1"}],"replies":[{"embeddable":true,"href":"https:\/\/course.oeru.org\/lida103-fr\/wp-json\/wp\/v2\/comments?post=14284"}],"version-history":[{"count":1,"href":"https:\/\/course.oeru.org\/lida103-fr\/wp-json\/wp\/v2\/pages\/14284\/revisions"}],"predecessor-version":[{"id":14285,"href":"https:\/\/course.oeru.org\/lida103-fr\/wp-json\/wp\/v2\/pages\/14284\/revisions\/14285"}],"up":[{"embeddable":true,"href":"https:\/\/course.oeru.org\/lida103-fr\/wp-json\/wp\/v2\/pages\/14280"}],"wp:attachment":[{"href":"https:\/\/course.oeru.org\/lida103-fr\/wp-json\/wp\/v2\/media?parent=14284"}],"curies":[{"name":"wp","href":"https:\/\/api.w.org\/{rel}","templated":true}]}}